Last updated on 2023-04-01 05:50:43 CEST.
Flavor | Version | Tinstall | Tcheck | Ttotal | Status | Flags |
---|---|---|---|---|---|---|
r-devel-linux-x86_64-debian-clang | 2.0.0 | 2.28 | 26.82 | 29.10 | OK | |
r-devel-linux-x86_64-debian-gcc | 2.0.0 | 2.23 | 20.63 | 22.86 | OK | |
r-devel-linux-x86_64-fedora-clang | 2.0.0 | 37.17 | OK | |||
r-devel-linux-x86_64-fedora-gcc | 2.0.0 | 34.35 | OK | |||
r-devel-windows-x86_64 | 2.0.0 | 6.00 | 0.00 | 6.00 | OK | |
r-patched-linux-x86_64 | 2.0.0 | 2.11 | 25.38 | 27.49 | OK | |
r-release-linux-x86_64 | 2.0.0 | 2.80 | 27.99 | 30.79 | OK | |
r-release-macos-arm64 | 2.0.0 | 21.00 | OK | |||
r-release-macos-x86_64 | 2.0.0 | 33.00 | OK | |||
r-release-windows-x86_64 | 2.0.0 | 6.00 | 68.00 | 74.00 | OK | |
r-oldrel-macos-arm64 | 2.0.0 | 29.00 | OK | |||
r-oldrel-macos-x86_64 | 2.0.0 | 41.00 | OK | |||
r-oldrel-windows-ix86+x86_64 | 2.0.0 | 6.00 | 65.00 | 71.00 | NOTE |
Version: 2.0.0
Check: dependencies in R code
Result: NOTE
Initiating curl with CURL_SSL_BACKEND: openssl
Flavor: r-oldrel-windows-ix86+x86_64