CRAN Package Check Results for Package knockoff

Last updated on 2020-11-27 08:49:51 CET.

Flavor Version Tinstall Tcheck Ttotal Status Flags
r-devel-linux-x86_64-debian-clang 0.3.3 4.42 104.91 109.33 OK --no-vignettes
r-devel-linux-x86_64-debian-gcc 0.3.3 3.18 81.00 84.18 OK --no-vignettes
r-devel-linux-x86_64-fedora-clang 0.3.3 2227.15 OK
r-devel-linux-x86_64-fedora-gcc 0.3.3 2262.47 OK
r-devel-windows-ix86+x86_64 0.3.3 7.00 140.00 147.00 NOTE --no-vignettes
r-patched-linux-x86_64 0.3.3 4.01 103.79 107.80 OK --no-vignettes
r-patched-solaris-x86 0.3.3 3957.30 WARN
r-release-linux-x86_64 0.3.3 4.18 105.30 109.48 OK --no-vignettes
r-release-macos-x86_64 0.3.3 OK
r-release-windows-ix86+x86_64 0.3.3 8.00 134.00 142.00 NOTE --no-vignettes
r-oldrel-macos-x86_64 0.3.3 FAIL
r-oldrel-windows-ix86+x86_64 0.3.3 6.00 126.00 132.00 NOTE --no-vignettes

Check Details

Version: 0.3.3
Flags: --no-vignettes
Check: package dependencies
Result: NOTE
    Package suggested but not available for checking: 'doMC'
Flavors: r-devel-windows-ix86+x86_64, r-release-windows-ix86+x86_64, r-oldrel-windows-ix86+x86_64

Version: 0.3.3
Check: re-building of vignette outputs
Result: WARN
    Error(s) in re-building vignettes:
     ...
    --- re-building ‘advanced.Rmd’ using rmarkdown
    Warning in engine$weave(file, quiet = quiet, encoding = enc) :
     Pandoc (>= 1.12.3) and/or pandoc-citeproc not available. Falling back to R Markdown v1.
    Loading required package: Matrix
    Loaded glmnet 4.0-2
    --- finished re-building ‘advanced.Rmd’
    
    --- re-building ‘fixed.Rmd’ using rmarkdown
    Warning in engine$weave(file, quiet = quiet, encoding = enc) :
     Pandoc (>= 1.12.3) and/or pandoc-citeproc not available. Falling back to R Markdown v1.
    --- finished re-building ‘fixed.Rmd’
    
    --- re-building ‘hiv.Rmd’ using rmarkdown
    Warning in engine$weave(file, quiet = quiet, encoding = enc) :
     Pandoc (>= 1.12.3) and/or pandoc-citeproc not available. Falling back to R Markdown v1.
    --- finished re-building ‘hiv.Rmd’
    
    Cpu Limit Exceeded - core dumped
    --- re-building ‘knockoff.Rmd’ using rmarkdown
    Warning in engine$weave(file, quiet = quiet, encoding = enc) :
     Pandoc (>= 1.12.3) and/or pandoc-citeproc not available. Falling back to R Markdown v1.
    Loading required package: Matrix
    Loaded glmnet 4.0-2
    SUMMARY: processing the following file failed:
     ‘knockoff.Rmd’
    
    Error: Vignette re-building failed.
    Execution halted
Flavor: r-patched-solaris-x86

Version: 0.3.3
Check: re-building of vignette outputs
Result: FAIL
Flavor: r-oldrel-macos-x86_64