CRAN Package Check Results for Package koRpus.lang.en

Last updated on 2022-10-04 05:50:33 CEST.

Flavor Version Tinstall Tcheck Ttotal Status Flags
r-devel-linux-x86_64-debian-clang 0.1-4 8.73 76.82 85.55 OK
r-devel-linux-x86_64-debian-gcc 0.1-4 6.99 57.99 64.98 OK
r-devel-linux-x86_64-fedora-clang 0.1-4 118.03 NOTE
r-devel-linux-x86_64-fedora-gcc 0.1-4 110.13 NOTE
r-devel-windows-x86_64 0.1-4 15.00 94.00 109.00 OK
r-patched-linux-x86_64 0.1-4 6.53 72.54 79.07 OK
r-release-linux-x86_64 0.1-4 7.86 72.95 80.81 OK
r-release-macos-arm64 0.1-4 31.00 NOTE
r-release-macos-x86_64 0.1-4 46.00 NOTE
r-release-windows-x86_64 0.1-4 51.00 99.00 150.00 OK
r-oldrel-macos-arm64 0.1-4 37.00 NOTE
r-oldrel-macos-x86_64 0.1-4 64.00 NOTE
r-oldrel-windows-ix86+x86_64 0.1-4 18.00 94.00 112.00 OK

Check Details

Version: 0.1-4
Check: dependencies in R code
Result: NOTE
    Namespace in Imports field not imported from: ‘methods’
     All declared Imports should be used.
Flavors: r-devel-linux-x86_64-fedora-clang, r-devel-linux-x86_64-fedora-gcc, r-release-macos-arm64, r-release-macos-x86_64, r-oldrel-macos-arm64, r-oldrel-macos-x86_64