CRAN Package Check Results for Package kofnGA

Last updated on 2024-03-01 14:49:28 CET.

Flavor Version Tinstall Tcheck Ttotal Status Flags
r-devel-linux-x86_64-debian-clang 1.3 3.50 35.08 38.58 NOTE
r-devel-linux-x86_64-debian-gcc 1.3 2.54 26.71 29.25 NOTE
r-devel-linux-x86_64-fedora-clang 1.3 47.78 NOTE
r-devel-linux-x86_64-fedora-gcc 1.3 44.77 NOTE
r-devel-windows-x86_64 1.3 4.00 46.00 50.00 NOTE
r-patched-linux-x86_64 1.3 3.63 34.19 37.82 NOTE
r-release-linux-x86_64 1.3 2.73 34.71 37.44 NOTE
r-release-macos-arm64 1.3 20.00 NOTE
r-release-macos-x86_64 1.3 27.00 NOTE
r-release-windows-x86_64 1.3 5.00 50.00 55.00 NOTE
r-oldrel-macos-arm64 1.3 21.00 NOTE
r-oldrel-windows-x86_64 1.3 5.00 55.00 60.00 NOTE

Check Details

Version: 1.3
Check: LazyData
Result: NOTE 'LazyData' is specified without a 'data' directory Flavors: r-devel-linux-x86_64-debian-clang, r-devel-linux-x86_64-debian-gcc, r-devel-linux-x86_64-fedora-clang, r-devel-linux-x86_64-fedora-gcc, r-devel-windows-x86_64, r-patched-linux-x86_64, r-release-linux-x86_64, r-release-macos-arm64, r-release-macos-x86_64, r-release-windows-x86_64, r-oldrel-macos-arm64, r-oldrel-windows-x86_64