CRAN Package Check Results for Package kolmim

Last updated on 2022-01-26 20:49:06 CET.

Flavor Version Tinstall Tcheck Ttotal Status Flags
r-devel-linux-x86_64-debian-clang 1.0 2.95 30.01 32.96 OK
r-devel-linux-x86_64-debian-gcc 1.0 1.96 23.78 25.74 OK
r-devel-linux-x86_64-fedora-clang 1.0 40.96 NOTE
r-devel-linux-x86_64-fedora-gcc 1.0 29.64 NOTE
r-devel-windows-x86_64-new-UL 1.0 18.00 51.00 69.00 OK
r-devel-windows-x86_64-new-TK 1.0 OK
r-patched-linux-x86_64 1.0 2.19 28.97 31.16 OK
r-release-linux-x86_64 1.0 2.52 29.60 32.12 OK
r-release-macos-arm64 1.0 OK
r-release-macos-x86_64 1.0 OK
r-release-windows-ix86+x86_64 1.0 8.00 36.00 44.00 OK
r-oldrel-macos-x86_64 1.0 OK
r-oldrel-windows-ix86+x86_64 1.0 6.00 36.00 42.00 OK

Check Details

Version: 1.0
Check: compiled code
Result: NOTE
    File ‘kolmim/libs/kolmim.so’:
     Found no call to: ‘R_useDynamicSymbols’
    
    It is good practice to register native routines and to disable symbol
    search.
    
    See ‘Writing portable packages’ in the ‘Writing R Extensions’ manual.
Flavors: r-devel-linux-x86_64-fedora-clang, r-devel-linux-x86_64-fedora-gcc