Last updated on 2023-06-06 14:59:29 CEST.
Flavor | Version | Tinstall | Tcheck | Ttotal | Status | Flags |
---|---|---|---|---|---|---|
r-devel-linux-x86_64-debian-clang | 0.0.1 | 9.44 | 78.15 | 87.59 | NOTE | |
r-devel-linux-x86_64-debian-gcc | 0.0.1 | 7.09 | 60.22 | 67.31 | NOTE | |
r-devel-linux-x86_64-fedora-clang | 0.0.1 | 109.31 | NOTE | |||
r-devel-linux-x86_64-fedora-gcc | 0.0.1 | 106.37 | NOTE | |||
r-devel-windows-x86_64 | 0.0.1 | 9.00 | 72.00 | 81.00 | NOTE | |
r-patched-linux-x86_64 | 0.0.1 | 9.32 | 75.07 | 84.39 | NOTE | |
r-release-linux-x86_64 | 0.0.1 | 7.84 | 75.20 | 83.04 | NOTE | |
r-release-macos-arm64 | 0.0.1 | 35.00 | NOTE | |||
r-release-macos-x86_64 | 0.0.1 | 55.00 | NOTE | |||
r-release-windows-x86_64 | 0.0.1 | 10.00 | 84.00 | 94.00 | NOTE | |
r-oldrel-macos-arm64 | 0.0.1 | 33.00 | NOTE | |||
r-oldrel-macos-x86_64 | 0.0.1 | 44.00 | NOTE | |||
r-oldrel-windows-x86_64 | 0.0.1 | 11.00 | 92.00 | 103.00 | NOTE |
Version: 0.0.1
Check: LazyData
Result: NOTE
'LazyData' is specified without a 'data' directory
Flavors: r-devel-linux-x86_64-debian-clang, r-devel-linux-x86_64-debian-gcc, r-devel-linux-x86_64-fedora-clang, r-devel-linux-x86_64-fedora-gcc, r-devel-windows-x86_64, r-patched-linux-x86_64, r-release-linux-x86_64, r-release-macos-arm64, r-release-macos-x86_64, r-release-windows-x86_64, r-oldrel-macos-arm64, r-oldrel-macos-x86_64, r-oldrel-windows-x86_64