CRAN Package Check Results for Package kpodclustr

Last updated on 2023-12-09 14:49:25 CET.

Flavor Version Tinstall Tcheck Ttotal Status Flags
r-devel-linux-x86_64-debian-clang 1.1 1.76 20.65 22.41 NOTE
r-devel-linux-x86_64-debian-gcc 1.1 1.66 16.49 18.15 NOTE
r-devel-linux-x86_64-fedora-clang 1.1 29.45 NOTE
r-devel-linux-x86_64-fedora-gcc 1.1 27.53 NOTE
r-devel-windows-x86_64 1.1 3.00 37.00 40.00 NOTE
r-patched-linux-x86_64 1.1 2.10 20.77 22.87 NOTE
r-release-linux-x86_64 1.1 1.64 20.78 22.42 NOTE
r-release-macos-arm64 1.1 14.00 NOTE
r-release-macos-x86_64 1.1 17.00 NOTE
r-release-windows-x86_64 1.1 6.00 35.00 41.00 NOTE
r-oldrel-macos-arm64 1.1 16.00 NOTE
r-oldrel-macos-x86_64 1.1 20.00 NOTE
r-oldrel-windows-x86_64 1.1 6.00 41.00 47.00 NOTE

Check Details

Version: 1.1
Check: LazyData
Result: NOTE 'LazyData' is specified without a 'data' directory Flavors: r-devel-linux-x86_64-debian-clang, r-devel-linux-x86_64-debian-gcc, r-devel-linux-x86_64-fedora-clang, r-devel-linux-x86_64-fedora-gcc, r-devel-windows-x86_64, r-patched-linux-x86_64, r-release-linux-x86_64, r-release-macos-arm64, r-release-macos-x86_64, r-release-windows-x86_64, r-oldrel-macos-arm64, r-oldrel-macos-x86_64, r-oldrel-windows-x86_64