CRAN Package Check Results for Package ks

Last updated on 2020-10-01 20:47:29 CEST.

Flavor Version Tinstall Tcheck Ttotal Status Flags
r-devel-linux-x86_64-debian-clang 1.11.7 21.43 189.29 210.72 OK
r-devel-linux-x86_64-debian-gcc 1.11.7 19.97 138.28 158.25 OK
r-devel-linux-x86_64-fedora-clang 1.11.7 258.33 OK
r-devel-linux-x86_64-fedora-gcc 1.11.7 254.50 OK
r-devel-windows-ix86+x86_64 1.11.7 43.00 284.00 327.00 OK
r-patched-linux-x86_64 1.11.7 25.65 176.78 202.43 OK
r-patched-solaris-x86 1.11.7 433.50 OK
r-release-linux-x86_64 1.11.7 21.46 176.36 197.82 OK
r-release-macos-x86_64 1.11.7 OK
r-release-windows-ix86+x86_64 1.11.7 44.00 291.00 335.00 OK
r-oldrel-macos-x86_64 1.11.7 NOTE
r-oldrel-windows-ix86+x86_64 1.11.7 39.00 284.00 323.00 OK

Check Details

Version: 1.11.7
Check: dependencies in R code
Result: NOTE
    No protocol specified
Flavor: r-oldrel-macos-x86_64