CRAN Package Check Results for Package ks

Last updated on 2020-07-05 18:52:07 CEST.

Flavor Version Tinstall Tcheck Ttotal Status Flags
r-devel-linux-x86_64-debian-clang 1.11.7 24.91 177.84 202.75 OK
r-devel-linux-x86_64-debian-gcc 1.11.7 19.93 132.27 152.20 OK
r-devel-linux-x86_64-fedora-clang 1.11.7 249.96 OK
r-devel-linux-x86_64-fedora-gcc 1.11.7 241.68 OK
r-devel-windows-ix86+x86_64 1.11.7 48.00 258.00 306.00 OK
r-patched-linux-x86_64 1.11.7 22.88 179.28 202.16 OK
r-patched-solaris-x86 1.11.7 410.00 OK
r-release-linux-x86_64 1.11.7 25.67 178.66 204.33 OK
r-release-osx-x86_64 1.11.7 OK
r-release-windows-ix86+x86_64 1.11.7 34.00 251.00 285.00 OK
r-oldrel-osx-x86_64 1.11.7 NOTE
r-oldrel-windows-ix86+x86_64 1.11.7 42.00 312.00 354.00 OK

Check Details

Version: 1.11.7
Check: dependencies in R code
Result: NOTE
    No protocol specified
Flavor: r-oldrel-osx-x86_64