CRAN Package Check Results for Package ks

Last updated on 2021-09-20 11:53:20 CEST.

Flavor Version Tinstall Tcheck Ttotal Status Flags
r-devel-linux-x86_64-debian-clang 1.13.2 21.35 210.94 232.29 OK
r-devel-linux-x86_64-debian-gcc 1.13.2 19.38 152.17 171.55 OK
r-devel-linux-x86_64-fedora-clang 1.13.2 285.56 OK
r-devel-linux-x86_64-fedora-gcc 1.13.2 276.15 OK
r-devel-windows-x86_64 1.13.2 28.00 191.00 219.00 OK
r-devel-windows-x86_64-gcc10-UCRT 1.13.2 ERROR
r-patched-linux-x86_64 1.13.2 23.40 201.50 224.90 OK
r-patched-solaris-x86 1.13.2 485.40 OK
r-release-linux-x86_64 1.13.2 24.70 201.30 226.00 OK
r-release-macos-arm64 1.13.2 OK
r-release-macos-x86_64 1.13.2 OK
r-release-windows-ix86+x86_64 1.13.2 48.00 245.00 293.00 OK
r-oldrel-macos-x86_64 1.13.2 OK
r-oldrel-windows-ix86+x86_64 1.13.2 44.00 250.00 294.00 OK

Check Details

Version: 1.13.2
Check: whether package can be installed
Result: ERROR
    Installation failed.
Flavor: r-devel-windows-x86_64-gcc10-UCRT