CRAN Package Check Results for Package ks

Last updated on 2021-01-16 03:49:46 CET.

Flavor Version Tinstall Tcheck Ttotal Status Flags
r-devel-linux-x86_64-debian-clang 1.11.7 23.54 189.68 213.22 OK
r-devel-linux-x86_64-debian-gcc 1.11.7 20.11 139.97 160.08 OK
r-devel-linux-x86_64-fedora-clang 1.11.7 264.48 OK
r-devel-linux-x86_64-fedora-gcc 1.11.7 256.15 OK
r-devel-windows-ix86+x86_64 1.11.7 35.00 249.00 284.00 OK
r-patched-linux-x86_64 1.11.7 23.78 175.73 199.51 OK
r-patched-solaris-x86 1.11.7 417.80 OK
r-release-linux-x86_64 1.11.7 23.52 175.50 199.02 OK
r-release-macos-x86_64 1.11.7 OK
r-release-windows-ix86+x86_64 1.11.7 36.00 249.00 285.00 OK
r-oldrel-macos-x86_64 1.11.7 NOTE
r-oldrel-windows-ix86+x86_64 1.11.7 26.00 207.00 233.00 OK

Check Details

Version: 1.11.7
Check: dependencies in R code
Result: NOTE
    No protocol specified
Flavor: r-oldrel-macos-x86_64