CRAN Package Check Results for Package kst

Last updated on 2021-04-16 12:55:10 CEST.

Flavor Version Tinstall Tcheck Ttotal Status Flags
r-devel-linux-x86_64-debian-clang 0.5-2 2.97 46.07 49.04 OK
r-devel-linux-x86_64-debian-gcc 0.5-2 2.54 37.12 39.66 OK
r-devel-linux-x86_64-fedora-clang 0.5-2 71.44 OK
r-devel-linux-x86_64-fedora-gcc 0.5-2 61.19 OK
r-devel-windows-ix86+x86_64 0.5-2 8.00 70.00 78.00 OK
r-devel-windows-x86_64-gcc10-UCRT 0.5-2 NOTE
r-patched-linux-x86_64 0.5-2 3.18 45.92 49.10 OK
r-patched-solaris-x86 0.5-2 85.80 OK
r-release-linux-x86_64 0.5-2 3.00 45.63 48.63 OK
r-release-macos-x86_64 0.5-2 OK
r-release-windows-ix86+x86_64 0.5-2 6.00 71.00 77.00 OK
r-oldrel-macos-x86_64 0.5-2 NOTE
r-oldrel-windows-ix86+x86_64 0.5-2 5.00 64.00 69.00 OK

Check Details

Version: 0.5-2
Check: package dependencies
Result: NOTE
    Package suggested but not available for checking: 'Rgraphviz'
Flavors: r-devel-windows-x86_64-gcc10-UCRT, r-oldrel-macos-x86_64

Version: 0.5-2
Check: re-building of vignette outputs
Result: NOTE
    Error(s) in re-building vignettes:
    --- re-building 'kst.Rnw' using Sweave
    Loading required package: proxy
    
    Attaching package: 'proxy'
    
    The following objects are masked from 'package:stats':
    
     as.dist, dist
    
    The following object is masked from 'package:base':
    
     as.matrix
    
    Loading required package: relations
    Loading required package: sets
    Loading required namespace: Rgraphviz
    Failed with error: 'there is no package called 'Rgraphviz''
    Loading required namespace: Rgraphviz
    Failed with error: 'there is no package called 'Rgraphviz''
    Loading required namespace: Rgraphviz
    Failed with error: 'there is no package called 'Rgraphviz''
    Loading required namespace: Rgraphviz
    Failed with error: 'there is no package called 'Rgraphviz''
    Warning in system(paste(shQuote(texi2dvi), if (quiet) "--quiet" else "", :
     running command '"C:\PROGRA~1\MIKTEX~1.9\miktex\bin\x64\texify.exe" --quiet --pdf "kst.tex" --max-iterations=20 -I "C:/msys64/home/tomas/ucrt3/svn/ucrt3/r_packages/rinst/share/texmf/tex/latex" -I "C:/msys64/home/tomas/ucrt3/svn/ucrt3/r_packages/rinst/share/texmf/bibtex/bst"' had status 1
    Error: processing vignette 'kst.Rnw' failed with diagnostics:
    running 'texi2dvi' on 'kst.tex' failed
    
    LaTeX errors:
    !pdfTeX error: pdflatex (file ./kst-012.pdf): PDF inclusion: required page does
     not exist <0>
     ==> Fatal error occurred, no output PDF file produced!
    
    --- failed re-building 'kst.Rnw'
    
    SUMMARY: processing the following file failed:
     'kst.Rnw'
    
    Error: Vignette re-building failed.
    Execution halted
Flavor: r-devel-windows-x86_64-gcc10-UCRT

Version: 0.5-2
Check: re-building of vignette outputs
Result: NOTE
    Error(s) in re-building vignettes:
    --- re-building ‘kst.Rnw’ using Sweave
    Loading required package: proxy
    
    Attaching package: ‘proxy’
    
    The following objects are masked from ‘package:stats’:
    
     as.dist, dist
    
    The following object is masked from ‘package:base’:
    
     as.matrix
    
    Loading required package: relations
    Loading required package: sets
    Loading required namespace: Rgraphviz
    Failed with error: ‘there is no package called ‘Rgraphviz’’
    Loading required namespace: Rgraphviz
    Failed with error: ‘there is no package called ‘Rgraphviz’’
    Loading required namespace: Rgraphviz
    Failed with error: ‘there is no package called ‘Rgraphviz’’
    Loading required namespace: Rgraphviz
    Failed with error: ‘there is no package called ‘Rgraphviz’’
    Error: processing vignette 'kst.Rnw' failed with diagnostics:
    Running 'texi2dvi' on 'kst.tex' failed.
    LaTeX errors:
    !pdfTeX error: pdflatex (file ./kst-012.pdf): PDF inclusion: required page does
     not exist <0>
     ==> Fatal error occurred, no output PDF file produced!
    --- failed re-building ‘kst.Rnw’
    
    SUMMARY: processing the following file failed:
     ‘kst.Rnw’
    
    Error: Vignette re-building failed.
    Execution halted
Flavor: r-oldrel-macos-x86_64