CRAN Package Check Results for Package kstIO

Last updated on 2020-09-29 00:50:57 CEST.

Flavor Version Tinstall Tcheck Ttotal Status Flags
r-devel-linux-x86_64-debian-clang 0.3-0 3.83 35.91 39.74 NOTE
r-devel-linux-x86_64-debian-gcc 0.3-0 2.95 28.17 31.12 NOTE
r-devel-linux-x86_64-fedora-clang 0.3-0 55.88 NOTE
r-devel-linux-x86_64-fedora-gcc 0.3-0 46.87 NOTE
r-devel-windows-ix86+x86_64 0.3-0 7.00 62.00 69.00 OK
r-patched-linux-x86_64 0.3-0 3.86 34.32 38.18 NOTE
r-patched-solaris-x86 0.3-0 68.00 NOTE
r-release-linux-x86_64 0.3-0 3.93 34.53 38.46 NOTE
r-release-macos-x86_64 0.3-0 OK
r-release-windows-ix86+x86_64 0.3-0 14.00 56.00 70.00 OK
r-oldrel-macos-x86_64 0.3-0 NOTE
r-oldrel-windows-ix86+x86_64 0.3-0 7.00 57.00 64.00 OK

Check Details

Version: 0.3-0
Check: for non-standard things in the check directory
Result: NOTE
    Found the following files/directories:
     'DF7.bas' 'DF7.dat' 'DF7.rel' 'DF7.spc' 'DF7.struct'
Flavors: r-devel-linux-x86_64-debian-clang, r-devel-linux-x86_64-debian-gcc, r-devel-linux-x86_64-fedora-clang, r-devel-linux-x86_64-fedora-gcc, r-patched-linux-x86_64, r-patched-solaris-x86, r-release-linux-x86_64

Version: 0.3-0
Check: re-building of vignette outputs
Result: NOTE
    Error(s) in re-building vignettes:
    --- re-building ‘kstIO.Rnw’ using Sweave
    Loading required package: pks
    Loading required package: sets
    Loading required package: MASS
    Loading required package: stringr
    
    Attaching package: ‘stringr’
    
    The following object is masked from ‘package:sets’:
    
     %>%
    
    Loading required package: relations
    
    Error: processing vignette 'kstIO.Rnw' failed with diagnostics:
     chunk 1
    Error in library("kst") : there is no package called ‘kst’
    
    --- failed re-building ‘kstIO.Rnw’
    
    SUMMARY: processing the following file failed:
     ‘kstIO.Rnw’
    
    Error: Vignette re-building failed.
    Execution halted
Flavor: r-oldrel-macos-x86_64