CRAN Package Check Results for Package kstIO

Last updated on 2021-08-04 23:49:31 CEST.

Flavor Version Tinstall Tcheck Ttotal Status Flags
r-devel-linux-x86_64-debian-clang 0.3-0 3.63 41.22 44.85 NOTE
r-devel-linux-x86_64-debian-gcc 0.3-0 2.99 31.71 34.70 NOTE
r-devel-linux-x86_64-fedora-clang 0.3-0 61.85 NOTE
r-devel-linux-x86_64-fedora-gcc 0.3-0 50.46 NOTE
r-devel-windows-x86_64 0.3-0 4.00 63.00 67.00 OK
r-devel-windows-x86_64-gcc10-UCRT 0.3-0 OK
r-patched-linux-x86_64 0.3-0 3.60 39.20 42.80 NOTE
r-patched-solaris-x86 0.3-0 79.00 NOTE
r-release-linux-x86_64 0.3-0 2.83 39.44 42.27 NOTE
r-release-macos-arm64 0.3-0 OK
r-release-macos-x86_64 0.3-0 OK
r-release-windows-ix86+x86_64 0.3-0 9.00 66.00 75.00 OK
r-oldrel-macos-x86_64 0.3-0 OK
r-oldrel-windows-ix86+x86_64 0.3-0 7.00 67.00 74.00 OK

Check Details

Version: 0.3-0
Check: for non-standard things in the check directory
Result: NOTE
    Found the following files/directories:
     'DF7.bas' 'DF7.dat' 'DF7.rel' 'DF7.spc' 'DF7.struct'
Flavors: r-devel-linux-x86_64-debian-clang, r-devel-linux-x86_64-debian-gcc, r-devel-linux-x86_64-fedora-clang, r-devel-linux-x86_64-fedora-gcc, r-patched-linux-x86_64, r-patched-solaris-x86, r-release-linux-x86_64