CRAN Package Check Results for Package kstIO

Last updated on 2020-01-27 00:48:06 CET.

Flavor Version Tinstall Tcheck Ttotal Status Flags
r-devel-linux-x86_64-debian-clang 0.3-0 3.73 33.49 37.22 NOTE
r-devel-linux-x86_64-debian-gcc 0.3-0 2.69 26.94 29.63 NOTE
r-devel-linux-x86_64-fedora-clang 0.3-0 46.10 NOTE
r-devel-linux-x86_64-fedora-gcc 0.3-0 45.85 NOTE
r-devel-windows-ix86+x86_64 0.3-0 12.00 77.00 89.00 OK
r-devel-windows-ix86+x86_64-gcc8 0.3-0 11.00 71.00 82.00 OK
r-patched-linux-x86_64 0.3-0 3.22 31.54 34.76 OK
r-patched-solaris-x86 0.3-0 63.10 OK
r-release-linux-x86_64 0.3-0 3.35 31.33 34.68 OK
r-release-windows-ix86+x86_64 0.3-0 6.00 54.00 60.00 OK
r-release-osx-x86_64 0.3-0 NOTE
r-oldrel-windows-ix86+x86_64 0.3-0 4.00 51.00 55.00 OK
r-oldrel-osx-x86_64 0.3-0 OK

Check Details

Version: 0.3-0
Check: for non-standard things in the check directory
Result: NOTE
    Found the following files/directories:
     'DF7.bas' 'DF7.dat' 'DF7.rel' 'DF7.spc' 'DF7.struct'
Flavors: r-devel-linux-x86_64-debian-clang, r-devel-linux-x86_64-debian-gcc, r-devel-linux-x86_64-fedora-clang, r-devel-linux-x86_64-fedora-gcc

Version: 0.3-0
Check: re-building of vignette outputs
Result: NOTE
    Error(s) in re-building vignettes:
    --- re-building ‘kstIO.Rnw’ using Sweave
    Loading required package: pks
    Loading required package: sets
    Loading required package: MASS
    Loading required package: stringr
    
    Attaching package: ‘stringr’
    
    The following object is masked from ‘package:sets’:
    
     %>%
    
    Loading required package: relations
    
    Error: processing vignette 'kstIO.Rnw' failed with diagnostics:
     chunk 1
    Error in library("kst") : there is no package called ‘kst’
    
    --- failed re-building ‘kstIO.Rnw’
    
    SUMMARY: processing the following file failed:
     ‘kstIO.Rnw’
    
    Error: Vignette re-building failed.
    Execution halted
Flavor: r-release-osx-x86_64