CRAN Package Check Results for Package kstIO

Last updated on 2020-07-05 18:52:07 CEST.

Flavor Version Tinstall Tcheck Ttotal Status Flags
r-devel-linux-x86_64-debian-clang 0.3-0 3.76 34.18 37.94 NOTE
r-devel-linux-x86_64-debian-gcc 0.3-0 3.01 27.51 30.52 NOTE
r-devel-linux-x86_64-fedora-clang 0.3-0 54.40 NOTE
r-devel-linux-x86_64-fedora-gcc 0.3-0 45.36 NOTE
r-devel-windows-ix86+x86_64 0.3-0 11.00 60.00 71.00 OK
r-patched-linux-x86_64 0.3-0 3.12 35.24 38.36 NOTE
r-patched-solaris-x86 0.3-0 68.60 NOTE
r-release-linux-x86_64 0.3-0 3.75 35.11 38.86 NOTE
r-release-osx-x86_64 0.3-0 OK
r-release-windows-ix86+x86_64 0.3-0 7.00 55.00 62.00 OK
r-oldrel-osx-x86_64 0.3-0 NOTE
r-oldrel-windows-ix86+x86_64 0.3-0 10.00 78.00 88.00 OK

Check Details

Version: 0.3-0
Check: for non-standard things in the check directory
Result: NOTE
    Found the following files/directories:
     'DF7.bas' 'DF7.dat' 'DF7.rel' 'DF7.spc' 'DF7.struct'
Flavors: r-devel-linux-x86_64-debian-clang, r-devel-linux-x86_64-debian-gcc, r-devel-linux-x86_64-fedora-clang, r-devel-linux-x86_64-fedora-gcc, r-patched-linux-x86_64, r-patched-solaris-x86, r-release-linux-x86_64

Version: 0.3-0
Check: re-building of vignette outputs
Result: NOTE
    Error(s) in re-building vignettes:
    --- re-building ‘kstIO.Rnw’ using Sweave
    Loading required package: pks
    Loading required package: sets
    Loading required package: MASS
    Loading required package: stringr
    
    Attaching package: ‘stringr’
    
    The following object is masked from ‘package:sets’:
    
     %>%
    
    Loading required package: relations
    
    Error: processing vignette 'kstIO.Rnw' failed with diagnostics:
     chunk 1
    Error in library("kst") : there is no package called ‘kst’
    
    --- failed re-building ‘kstIO.Rnw’
    
    SUMMARY: processing the following file failed:
     ‘kstIO.Rnw’
    
    Error: Vignette re-building failed.
    Execution halted
Flavor: r-oldrel-osx-x86_64