CRAN Package Check Results for Package kzfs

Last updated on 2021-10-19 00:49:21 CEST.

Flavor Version Tinstall Tcheck Ttotal Status Flags
r-devel-linux-x86_64-debian-clang 1.5.0.2 8.94 59.86 68.80 OK
r-devel-linux-x86_64-debian-gcc 1.5.0.2 6.02 44.91 50.93 OK
r-devel-linux-x86_64-fedora-clang 1.5.0.2 92.63 NOTE
r-devel-linux-x86_64-fedora-gcc 1.5.0.2 80.70 OK
r-devel-windows-x86_64 1.5.0.2 15.00 84.00 99.00 OK
r-devel-windows-x86_64-gcc10-UCRT 1.5.0.2 OK
r-patched-linux-x86_64 1.5.0.2 9.11 58.40 67.51 OK
r-patched-solaris-x86 1.5.0.2 109.10 OK
r-release-linux-x86_64 1.5.0.2 9.19 58.16 67.35 OK
r-release-macos-arm64 1.5.0.2 OK
r-release-macos-x86_64 1.5.0.2 OK
r-release-windows-ix86+x86_64 1.5.0.2 12.00 107.00 119.00 OK
r-oldrel-macos-x86_64 1.5.0.2 OK
r-oldrel-windows-ix86+x86_64 1.5.0.2 17.00 109.00 126.00 OK

Check Details

Version: 1.5.0.2
Check: Rd cross-references
Result: NOTE
    Undeclared package ‘kza’ in Rd xrefs
Flavor: r-devel-linux-x86_64-fedora-clang