CRAN Package Check Results for Package l1ball

Last updated on 2024-06-22 18:59:33 CEST.

Flavor Version Tinstall Tcheck Ttotal Status Flags
r-devel-linux-x86_64-debian-clang 0.1.0 4.02 46.66 50.68 NOTE
r-devel-linux-x86_64-debian-gcc 0.1.0 2.86 33.71 36.57 NOTE
r-devel-linux-x86_64-fedora-clang 0.1.0 61.46 NOTE
r-devel-linux-x86_64-fedora-gcc 0.1.0 58.88 NOTE
r-devel-windows-x86_64 0.1.0 5.00 53.00 58.00 NOTE
r-patched-linux-x86_64 0.1.0 3.20 42.77 45.97 NOTE
r-release-linux-x86_64 0.1.0 2.92 44.69 47.61 NOTE
r-release-macos-arm64 0.1.0 22.00 NOTE
r-release-macos-x86_64 0.1.0 31.00 NOTE
r-release-windows-x86_64 0.1.0 4.00 54.00 58.00 NOTE
r-oldrel-macos-arm64 0.1.0 22.00 NOTE
r-oldrel-macos-x86_64 0.1.0 34.00 NOTE
r-oldrel-windows-x86_64 0.1.0 4.00 55.00 59.00 NOTE

Check Details

Version: 0.1.0
Check: LazyData
Result: NOTE 'LazyData' is specified without a 'data' directory Flavors: r-devel-linux-x86_64-debian-clang, r-devel-linux-x86_64-debian-gcc, r-devel-linux-x86_64-fedora-clang, r-devel-linux-x86_64-fedora-gcc, r-devel-windows-x86_64, r-patched-linux-x86_64, r-release-linux-x86_64, r-release-macos-arm64, r-release-macos-x86_64, r-release-windows-x86_64, r-oldrel-macos-arm64, r-oldrel-macos-x86_64, r-oldrel-windows-x86_64