CRAN Package Check Results for Package labdsv

Last updated on 2019-04-26 16:36:28 CEST.

Flavor Version Tinstall Tcheck Ttotal Status Flags
r-devel-linux-x86_64-debian-clang 1.8-0 9.87 76.18 86.05 OK
r-devel-linux-x86_64-debian-gcc 1.8-0 9.10 58.38 67.48 OK
r-devel-linux-x86_64-fedora-clang 1.8-0 98.65 NOTE
r-devel-linux-x86_64-fedora-gcc 1.8-0 99.81 NOTE
r-patched-linux-x86_64 1.8-0 9.69 74.89 84.58 OK
r-patched-solaris-x86 1.8-0 155.70 OK
r-release-linux-x86_64 1.8-0 7.46 71.17 78.63 OK
r-release-windows-ix86+x86_64 1.8-0 37.00 163.00 200.00 OK
r-release-osx-x86_64 1.8-0 OK
r-oldrel-windows-ix86+x86_64 1.8-0 24.00 141.00 165.00 OK
r-oldrel-osx-x86_64 1.8-0 OK

Check Details

Version: 1.8-0
Check: compiled code
Result: NOTE
    File ‘labdsv/libs/labdsv.so’:
     Found no calls to: ‘R_registerRoutines’, ‘R_useDynamicSymbols’
    
    It is good practice to register native routines and to disable symbol
    search.
    
    See ‘Writing portable packages’ in the ‘Writing R Extensions’ manual.
Flavors: r-devel-linux-x86_64-fedora-clang, r-devel-linux-x86_64-fedora-gcc