CRAN Package Check Results for Package labdsv

Last updated on 2019-02-19 10:56:46 CET.

Flavor Version Tinstall Tcheck Ttotal Status Flags
r-devel-linux-x86_64-debian-clang 1.8-0 7.39 75.39 82.78 OK
r-devel-linux-x86_64-debian-gcc 1.8-0 7.10 57.45 64.55 OK
r-devel-linux-x86_64-fedora-clang 1.8-0 100.31 NOTE
r-devel-linux-x86_64-fedora-gcc 1.8-0 94.74 NOTE
r-devel-windows-ix86+x86_64 1.8-0 26.00 107.00 133.00 OK
r-patched-linux-x86_64 1.8-0 7.67 70.29 77.96 OK
r-patched-solaris-x86 1.8-0 142.80 OK
r-release-linux-x86_64 1.8-0 7.78 71.19 78.97 OK
r-release-windows-ix86+x86_64 1.8-0 16.00 148.00 164.00 OK
r-release-osx-x86_64 1.8-0 OK
r-oldrel-windows-ix86+x86_64 1.8-0 22.00 141.00 163.00 OK
r-oldrel-osx-x86_64 1.8-0 OK

Check Details

Version: 1.8-0
Check: compiled code
Result: NOTE
    File ‘labdsv/libs/labdsv.so’:
     Found no calls to: ‘R_registerRoutines’, ‘R_useDynamicSymbols’
    
    It is good practice to register native routines and to disable symbol
    search.
    
    See ‘Writing portable packages’ in the ‘Writing R Extensions’ manual.
Flavors: r-devel-linux-x86_64-fedora-clang, r-devel-linux-x86_64-fedora-gcc