CRAN Package Check Results for Package labelrank

Last updated on 2020-11-30 18:51:19 CET.

Flavor Version Tinstall Tcheck Ttotal Status Flags
r-devel-linux-x86_64-debian-clang 0.1 2.40 24.70 27.10 NOTE
r-devel-linux-x86_64-debian-gcc 0.1 1.78 22.50 24.28 NOTE
r-devel-linux-x86_64-fedora-clang 0.1 40.03 OK
r-devel-linux-x86_64-fedora-gcc 0.1 31.64 OK
r-devel-windows-ix86+x86_64 0.1 5.00 31.00 36.00 NOTE
r-patched-linux-x86_64 0.1 2.50 29.31 31.81 NOTE
r-patched-solaris-x86 0.1 50.20 OK
r-release-linux-x86_64 0.1 2.46 28.86 31.32 NOTE
r-release-macos-x86_64 0.1 OK
r-release-windows-ix86+x86_64 0.1 5.00 30.00 35.00 NOTE
r-oldrel-macos-x86_64 0.1 OK
r-oldrel-windows-ix86+x86_64 0.1 3.00 37.00 40.00 OK

Check Details

Version: 0.1
Check: package vignettes
Result: NOTE
    Package vignette with placeholder title 'Vignette Title':
     'labelrank.Rmd'
Flavors: r-devel-linux-x86_64-debian-clang, r-devel-linux-x86_64-debian-gcc, r-devel-windows-ix86+x86_64, r-patched-linux-x86_64, r-release-linux-x86_64, r-release-windows-ix86+x86_64