Last updated on 2025-01-21 05:48:41 CET.
Flavor | Version | Tinstall | Tcheck | Ttotal | Status | Flags |
---|---|---|---|---|---|---|
r-devel-linux-x86_64-debian-clang | 1.0-1 | 10.61 | 89.04 | 99.65 | OK | |
r-devel-linux-x86_64-debian-gcc | 1.0-1 | 8.15 | 71.34 | 79.49 | OK | |
r-devel-linux-x86_64-fedora-clang | 1.0-1 | 161.59 | OK | |||
r-devel-linux-x86_64-fedora-gcc | 1.0-1 | 146.99 | OK | |||
r-devel-windows-x86_64 | 1.0-1 | 11.00 | 95.00 | 106.00 | OK | |
r-patched-linux-x86_64 | 1.0-1 | 9.28 | 85.24 | 94.52 | OK | |
r-release-linux-x86_64 | 1.0-1 | 9.58 | 86.42 | 96.00 | OK | |
r-release-macos-arm64 | 1.0-1 | 45.00 | NOTE | |||
r-release-macos-x86_64 | 1.0-1 | 69.00 | NOTE | |||
r-release-windows-x86_64 | 1.0-1 | 12.00 | 98.00 | 110.00 | NOTE | |
r-oldrel-macos-arm64 | 1.0-1 | 48.00 | NOTE | |||
r-oldrel-macos-x86_64 | 1.0-1 | 89.00 | NOTE | |||
r-oldrel-windows-x86_64 | 1.0-1 | 14.00 | 117.00 | 131.00 | NOTE |
Version: 1.0-1
Check: installed package size
Result: NOTE
installed size is 8.4Mb
sub-directories of 1Mb or more:
data 8.2Mb
Flavors: r-release-macos-arm64, r-release-macos-x86_64, r-release-windows-x86_64, r-oldrel-macos-arm64, r-oldrel-macos-x86_64, r-oldrel-windows-x86_64