CRAN Package Check Results for Package lagsarlmtree

Last updated on 2025-06-12 17:49:02 CEST.

Flavor Version Tinstall Tcheck Ttotal Status Flags
r-devel-linux-x86_64-debian-clang 1.0-1 10.09 91.32 101.41 NOTE
r-devel-linux-x86_64-debian-gcc 1.0-1 7.51 70.46 77.97 NOTE
r-devel-linux-x86_64-fedora-clang 1.0-1 155.74 OK
r-devel-linux-x86_64-fedora-gcc 1.0-1 154.96 OK
r-devel-windows-x86_64 1.0-1 12.00 111.00 123.00 OK
r-patched-linux-x86_64 1.0-1 9.75 88.62 98.37 NOTE
r-release-linux-x86_64 1.0-1 10.06 87.96 98.02 NOTE
r-release-macos-arm64 1.0-1 49.00 OK
r-release-macos-x86_64 1.0-1 91.00 OK
r-release-windows-x86_64 1.0-1 12.00 104.00 116.00 OK
r-oldrel-macos-arm64 1.0-1 45.00 NOTE
r-oldrel-macos-x86_64 1.0-1 69.00 NOTE
r-oldrel-windows-x86_64 1.0-1 16.00 121.00 137.00 NOTE

Check Details

Version: 1.0-1
Check: for unstated dependencies in ‘demo’
Result: NOTE 'library' or 'require' call not declared from: ‘strucchange’ Flavors: r-devel-linux-x86_64-debian-clang, r-devel-linux-x86_64-debian-gcc, r-patched-linux-x86_64, r-release-linux-x86_64

Version: 1.0-1
Check: installed package size
Result: NOTE installed size is 8.4Mb sub-directories of 1Mb or more: data 8.2Mb Flavors: r-oldrel-macos-arm64, r-oldrel-macos-x86_64, r-oldrel-windows-x86_64