CRAN Package Check Results for Package lagsarlmtree

Last updated on 2024-02-27 14:49:28 CET.

Flavor Version Tinstall Tcheck Ttotal Status Flags
r-devel-linux-x86_64-debian-clang 1.0-1 11.90 126.86 138.76 OK
r-devel-linux-x86_64-debian-gcc 1.0-1 10.07 97.43 107.50 OK
r-devel-linux-x86_64-fedora-clang 1.0-1 171.11 NOTE
r-devel-linux-x86_64-fedora-gcc 1.0-1 172.67 OK
r-devel-windows-x86_64 1.0-1 13.00 109.00 122.00 NOTE
r-patched-linux-x86_64 1.0-1 13.31 124.74 138.05 OK
r-release-linux-x86_64 1.0-1 12.39 124.59 136.98 OK
r-release-macos-arm64 1.0-1 48.00 NOTE
r-release-macos-x86_64 1.0-1 89.00 NOTE
r-release-windows-x86_64 1.0-1 15.00 124.00 139.00 NOTE
r-oldrel-macos-arm64 1.0-1 90.00 NOTE
r-oldrel-windows-x86_64 1.0-1 17.00 136.00 153.00 NOTE

Check Details

Version: 1.0-1
Check: installed package size
Result: NOTE installed size is 8.4Mb sub-directories of 1Mb or more: data 8.3Mb Flavors: r-devel-linux-x86_64-fedora-clang, r-devel-windows-x86_64, r-release-macos-arm64, r-release-macos-x86_64, r-release-windows-x86_64, r-oldrel-macos-arm64, r-oldrel-windows-x86_64

Version: 1.0-1
Check: Rd cross-references
Result: NOTE Undeclared package ‘spdep’ in Rd xrefs Flavor: r-devel-linux-x86_64-fedora-clang