CRAN Package Check Results for Package lagsarlmtree

Last updated on 2020-11-30 11:47:31 CET.

Flavor Version Tinstall Tcheck Ttotal Status Flags
r-devel-linux-x86_64-debian-clang 1.0-1 20.35 149.53 169.88 OK
r-devel-linux-x86_64-debian-gcc 1.0-1 13.64 117.09 130.73 OK
r-devel-linux-x86_64-fedora-clang 1.0-1 208.83 NOTE
r-devel-linux-x86_64-fedora-gcc 1.0-1 201.24 OK
r-devel-windows-ix86+x86_64 1.0-1 39.00 150.00 189.00 NOTE
r-patched-linux-x86_64 1.0-1 19.91 146.78 166.69 OK
r-patched-solaris-x86 1.0-1 296.80 NOTE
r-release-linux-x86_64 1.0-1 15.26 147.52 162.78 OK
r-release-macos-x86_64 1.0-1 NOTE
r-release-windows-ix86+x86_64 1.0-1 30.00 127.00 157.00 NOTE
r-oldrel-macos-x86_64 1.0-1 NOTE
r-oldrel-windows-ix86+x86_64 1.0-1 35.00 147.00 182.00 NOTE

Check Details

Version: 1.0-1
Check: installed package size
Result: NOTE
     installed size is 8.4Mb
     sub-directories of 1Mb or more:
     data 8.3Mb
Flavors: r-devel-linux-x86_64-fedora-clang, r-devel-windows-ix86+x86_64, r-patched-solaris-x86, r-release-macos-x86_64, r-release-windows-ix86+x86_64, r-oldrel-macos-x86_64, r-oldrel-windows-ix86+x86_64

Version: 1.0-1
Check: Rd cross-references
Result: NOTE
    Undeclared package ‘spdep’ in Rd xrefs
Flavor: r-devel-linux-x86_64-fedora-clang