CRAN Package Check Results for Package landpred

Last updated on 2019-05-19 12:46:31 CEST.

Flavor Version Tinstall Tcheck Ttotal Status Flags
r-devel-linux-x86_64-debian-clang 1.0 6.72 55.55 62.27 NOTE
r-devel-linux-x86_64-debian-gcc 1.0 5.81 46.11 51.92 NOTE
r-devel-linux-x86_64-fedora-clang 1.0 74.01 NOTE
r-devel-linux-x86_64-fedora-gcc 1.0 75.29 NOTE
r-devel-windows-ix86+x86_64 1.0 17.00 67.00 84.00 NOTE
r-patched-linux-x86_64 1.0 6.58 55.29 61.87 NOTE
r-patched-solaris-x86 1.0 118.70 NOTE
r-release-linux-x86_64 1.0 5.71 55.70 61.41 NOTE
r-release-windows-ix86+x86_64 1.0 17.00 83.00 100.00 NOTE
r-release-osx-x86_64 1.0 NOTE
r-oldrel-windows-ix86+x86_64 1.0 11.00 85.00 96.00 NOTE
r-oldrel-osx-x86_64 1.0 NOTE

Check Details

Version: 1.0
Check: R code for possible problems
Result: NOTE
    Kern.FUN: no visible global function definition for 'dnorm'
    Prob.Covariate.ShortEvent: no visible global function definition for
     'bw.nrd'
    optimize.mse.BW: no visible global function definition for 'optimize'
    Undefined global functions or variables:
     bw.nrd dnorm optimize
    Consider adding
     importFrom("stats", "bw.nrd", "dnorm", "optimize")
    to your NAMESPACE file.
Flavors: r-devel-linux-x86_64-debian-clang, r-devel-linux-x86_64-debian-gcc, r-devel-linux-x86_64-fedora-clang, r-devel-linux-x86_64-fedora-gcc, r-devel-windows-ix86+x86_64, r-patched-linux-x86_64, r-patched-solaris-x86, r-release-linux-x86_64, r-release-windows-ix86+x86_64, r-release-osx-x86_64, r-oldrel-windows-ix86+x86_64, r-oldrel-osx-x86_64