CRAN Package Check Results for Package landpred

Last updated on 2018-12-12 22:55:23 CET.

Flavor Version Tinstall Tcheck Ttotal Status Flags
r-devel-linux-x86_64-debian-clang 1.0 5.07 56.85 61.92 NOTE
r-devel-linux-x86_64-debian-gcc 1.0 3.84 45.39 49.23 NOTE
r-devel-linux-x86_64-fedora-clang 1.0 70.89 NOTE
r-devel-linux-x86_64-fedora-gcc 1.0 69.22 NOTE
r-devel-windows-ix86+x86_64 1.0 10.00 66.00 76.00 NOTE
r-patched-linux-x86_64 1.0 3.87 54.92 58.79 NOTE
r-patched-solaris-x86 1.0 119.20 NOTE
r-release-linux-x86_64 1.0 3.04 54.81 57.85 NOTE
r-release-windows-ix86+x86_64 1.0 10.00 65.00 75.00 NOTE
r-release-osx-x86_64 1.0 NOTE
r-oldrel-windows-ix86+x86_64 1.0 6.00 82.00 88.00 NOTE
r-oldrel-osx-x86_64 1.0 NOTE

Check Details

Version: 1.0
Check: R code for possible problems
Result: NOTE
    Kern.FUN: no visible global function definition for ‘dnorm’
    Prob.Covariate.ShortEvent: no visible global function definition for
     ‘bw.nrd’
    optimize.mse.BW: no visible global function definition for ‘optimize’
    Undefined global functions or variables:
     bw.nrd dnorm optimize
    Consider adding
     importFrom("stats", "bw.nrd", "dnorm", "optimize")
    to your NAMESPACE file.
Flavors: r-devel-linux-x86_64-debian-clang, r-devel-linux-x86_64-debian-gcc, r-devel-linux-x86_64-fedora-clang, r-devel-linux-x86_64-fedora-gcc, r-devel-windows-ix86+x86_64, r-patched-linux-x86_64, r-patched-solaris-x86, r-release-linux-x86_64, r-release-windows-ix86+x86_64, r-release-osx-x86_64, r-oldrel-windows-ix86+x86_64, r-oldrel-osx-x86_64