CRAN Package Check Results for Package landpred

Last updated on 2019-02-16 22:46:31 CET.

Flavor Version Tinstall Tcheck Ttotal Status Flags
r-devel-linux-x86_64-debian-clang 1.0 4.63 58.54 63.17 NOTE
r-devel-linux-x86_64-debian-gcc 1.0 4.44 45.99 50.43 NOTE
r-devel-linux-x86_64-fedora-clang 1.0 75.44 NOTE
r-devel-linux-x86_64-fedora-gcc 1.0 72.21 NOTE
r-devel-windows-ix86+x86_64 1.0 10.00 68.00 78.00 NOTE
r-patched-linux-x86_64 1.0 4.25 55.05 59.30 NOTE
r-patched-solaris-x86 1.0 111.50 NOTE
r-release-linux-x86_64 1.0 NOTE
r-release-windows-ix86+x86_64 1.0 8.00 87.00 95.00 NOTE
r-release-osx-x86_64 1.0 NOTE
r-oldrel-windows-ix86+x86_64 1.0 10.00 91.00 101.00 NOTE
r-oldrel-osx-x86_64 1.0 NOTE

Check Details

Version: 1.0
Check: R code for possible problems
Result: NOTE
    Kern.FUN: no visible global function definition for ‘dnorm’
    Prob.Covariate.ShortEvent: no visible global function definition for
     ‘bw.nrd’
    optimize.mse.BW: no visible global function definition for ‘optimize’
    Undefined global functions or variables:
     bw.nrd dnorm optimize
    Consider adding
     importFrom("stats", "bw.nrd", "dnorm", "optimize")
    to your NAMESPACE file.
Flavors: r-devel-linux-x86_64-debian-clang, r-devel-linux-x86_64-debian-gcc, r-devel-linux-x86_64-fedora-clang, r-devel-linux-x86_64-fedora-gcc, r-devel-windows-ix86+x86_64, r-patched-linux-x86_64, r-patched-solaris-x86, r-release-linux-x86_64, r-release-windows-ix86+x86_64, r-release-osx-x86_64, r-oldrel-windows-ix86+x86_64, r-oldrel-osx-x86_64