CRAN Package Check Results for Package landpred

Last updated on 2018-10-19 06:47:56 CEST.

Flavor Version Tinstall Tcheck Ttotal Status Flags
r-devel-linux-x86_64-debian-clang 1.0 5.01 65.22 70.23 NOTE
r-devel-linux-x86_64-debian-gcc 1.0 4.07 51.68 55.75 NOTE
r-devel-linux-x86_64-fedora-clang 1.0 82.58 NOTE
r-devel-linux-x86_64-fedora-gcc 1.0 78.52 NOTE
r-devel-windows-ix86+x86_64 1.0 10.00 71.00 81.00 NOTE
r-patched-linux-x86_64 1.0 3.01 54.35 57.36 NOTE
r-patched-solaris-x86 1.0 112.50 NOTE
r-release-linux-x86_64 1.0 3.75 54.78 58.53 NOTE
r-release-windows-ix86+x86_64 1.0 8.00 85.00 93.00 NOTE
r-release-osx-x86_64 1.0 NOTE
r-oldrel-windows-ix86+x86_64 1.0 7.00 89.00 96.00 NOTE
r-oldrel-osx-x86_64 1.0 NOTE

Check Details

Version: 1.0
Check: R code for possible problems
Result: NOTE
    Kern.FUN: no visible global function definition for ‘dnorm’
    Prob.Covariate.ShortEvent: no visible global function definition for
     ‘bw.nrd’
    optimize.mse.BW: no visible global function definition for ‘optimize’
    Undefined global functions or variables:
     bw.nrd dnorm optimize
    Consider adding
     importFrom("stats", "bw.nrd", "dnorm", "optimize")
    to your NAMESPACE file.
Flavors: r-devel-linux-x86_64-debian-clang, r-devel-linux-x86_64-debian-gcc, r-devel-linux-x86_64-fedora-clang, r-devel-linux-x86_64-fedora-gcc, r-devel-windows-ix86+x86_64, r-patched-linux-x86_64, r-patched-solaris-x86, r-release-linux-x86_64, r-release-windows-ix86+x86_64, r-release-osx-x86_64, r-oldrel-windows-ix86+x86_64, r-oldrel-osx-x86_64