CRAN Package Check Results for Package landscapeR

Last updated on 2021-09-27 11:49:52 CEST.

Flavor Version Tinstall Tcheck Ttotal Status Flags
r-devel-linux-x86_64-debian-clang 1.2 22.26 45.15 67.41 NOTE
r-devel-linux-x86_64-debian-gcc 1.2 13.37 34.36 47.73 NOTE
r-devel-linux-x86_64-fedora-clang 1.2 89.50 NOTE
r-devel-linux-x86_64-fedora-gcc 1.2 74.49 NOTE
r-devel-windows-x86_64 1.2 20.00 53.00 73.00 NOTE
r-devel-windows-x86_64-gcc10-UCRT 1.2 NOTE
r-patched-linux-x86_64 1.2 18.03 41.81 59.84 NOTE
r-patched-solaris-x86 1.2 97.30 NOTE
r-release-linux-x86_64 1.2 14.52 41.71 56.23 NOTE
r-release-macos-arm64 1.2 NOTE
r-release-macos-x86_64 1.2 NOTE
r-release-windows-ix86+x86_64 1.2 47.00 69.00 116.00 NOTE
r-oldrel-macos-x86_64 1.2 OK
r-oldrel-windows-ix86+x86_64 1.2 31.00 72.00 103.00 OK

Check Details

Version: 1.2
Check: LazyData
Result: NOTE
     'LazyData' is specified without a 'data' directory
Flavors: r-devel-linux-x86_64-debian-clang, r-devel-linux-x86_64-debian-gcc, r-devel-linux-x86_64-fedora-clang, r-devel-linux-x86_64-fedora-gcc, r-devel-windows-x86_64, r-devel-windows-x86_64-gcc10-UCRT, r-patched-linux-x86_64, r-patched-solaris-x86, r-release-linux-x86_64, r-release-macos-arm64, r-release-macos-x86_64, r-release-windows-ix86+x86_64