CRAN Package Check Results for Package lar

Last updated on 2020-09-18 18:47:29 CEST.

Flavor Version Tinstall Tcheck Ttotal Status Flags
r-devel-linux-x86_64-debian-clang 0.1-2 11.23 93.09 104.32 OK
r-devel-linux-x86_64-debian-gcc 0.1-2 8.98 70.68 79.66 OK
r-devel-linux-x86_64-fedora-clang 0.1-2 138.27 NOTE
r-devel-linux-x86_64-fedora-gcc 0.1-2 126.94 NOTE
r-devel-windows-ix86+x86_64 0.1-2 23.00 109.00 132.00 OK
r-patched-linux-x86_64 0.1-2 10.39 91.70 102.09 OK
r-patched-solaris-x86 0.1-2 150.60 NOTE
r-release-linux-x86_64 0.1-2 12.21 91.89 104.10 OK
r-release-macos-x86_64 0.1-2 NOTE
r-release-windows-ix86+x86_64 0.1-2 23.00 115.00 138.00 OK
r-oldrel-macos-x86_64 0.1-2 NOTE
r-oldrel-windows-ix86+x86_64 0.1-2 34.00 100.00 134.00 OK

Check Details

Version: 0.1-2
Check: data for non-ASCII characters
Result: NOTE
     Note: found 6 marked UTF-8 strings
Flavors: r-devel-linux-x86_64-fedora-clang, r-devel-linux-x86_64-fedora-gcc, r-patched-solaris-x86, r-release-macos-x86_64, r-oldrel-macos-x86_64