CRAN Package Check Results for Package largeList

Last updated on 2020-04-01 06:48:11 CEST.

Flavor Version Tinstall Tcheck Ttotal Status Flags
r-devel-linux-x86_64-debian-clang 0.3.1 16.35 24.61 40.96 NOTE
r-devel-linux-x86_64-debian-gcc 0.3.1 10.32 19.50 29.82 NOTE
r-devel-linux-x86_64-fedora-clang 0.3.1 58.65 NOTE
r-devel-linux-x86_64-fedora-gcc 0.3.1 50.43 NOTE
r-devel-windows-ix86+x86_64 0.3.1 72.00 48.00 120.00 OK
r-devel-windows-ix86+x86_64-gcc8 0.3.1 64.00 57.00 121.00 OK
r-patched-linux-x86_64 0.3.1 12.48 24.10 36.58 NOTE
r-patched-solaris-x86 0.3.1 77.20 ERROR
r-release-linux-x86_64 0.3.1 11.82 22.61 34.43 OK
r-release-windows-ix86+x86_64 0.3.1 61.00 66.00 127.00 OK
r-release-osx-x86_64 0.3.1 OK
r-oldrel-windows-ix86+x86_64 0.3.1 73.00 68.00 141.00 OK
r-oldrel-osx-x86_64 0.3.1 OK

Check Details

Version: 0.3.1
Check: for non-standard things in the check directory
Result: NOTE
    Found the following files/directories:
     'example.llo'
Flavors: r-devel-linux-x86_64-debian-clang, r-devel-linux-x86_64-debian-gcc, r-devel-linux-x86_64-fedora-clang, r-devel-linux-x86_64-fedora-gcc, r-patched-linux-x86_64, r-patched-solaris-x86

Version: 0.3.1
Check: tests
Result: ERROR
     Running ‘config.R’
     Running ‘testthat.R’
    Running the tests in ‘tests/config.R’ failed.
    Complete output:
     > mac_dir <- "~/Documents/Rtest/"
     > win_dir <- "C:/Rtest"
     > linux_dir <- "~/Documents/Rtest"
     >
     > switch(Sys.info()['sysname'],
     + "Darwin" = {working_dir <- mac_dir},
     + "Windows" = {working_dir <- win_dir},
     + "Linux" = {working_dir <- linux_dir})
     >
     > rds_file_name <- "./ranListSmall.rds"
     > llo_file_name <- "./ranListSmall.llo"
     > repeat_time <- 20
     > original <- FALSE
     > compress <- TRUE
     >
     > # rds_file_name <- "./ranListMid.rds"
     > # llo_file_name <- "./ranListMid.llo"
     > # repeat_time <- 20
     > # original <- FALSE
     > # compress <- TRUE
     >
     > options(list(largeList.report.progress = FALSE))
     >
     > if (dir.exists(working_dir)) {
     + setwd(working_dir)
     + if (file.exists(rds_file_name)) {
     + library(futile.logger)
     + ready_to_test <- TRUE
     + } else {
     + ready_to_test <- FALSE
     + }
     + } else {
     + ready_to_test <- FALSE
     + }
     Error in dir.exists(working_dir) : object 'working_dir' not found
     Execution halted
Flavor: r-patched-solaris-x86