CRAN Package Check Results for Package lassoshooting

Last updated on 2021-09-20 06:48:55 CEST.

Flavor Version Tinstall Tcheck Ttotal Status Flags
r-devel-linux-x86_64-debian-clang 0.1.5-1 2.81 20.09 22.90 NOTE
r-devel-linux-x86_64-debian-gcc 0.1.5-1 2.19 15.99 18.18 NOTE
r-devel-linux-x86_64-fedora-clang 0.1.5-1 37.13 NOTE
r-devel-linux-x86_64-fedora-gcc 0.1.5-1 26.41 NOTE
r-devel-windows-x86_64 0.1.5-1 4.00 27.00 31.00 NOTE
r-devel-windows-x86_64-gcc10-UCRT 0.1.5-1 ERROR
r-patched-linux-x86_64 0.1.5-1 2.57 19.56 22.13 NOTE
r-patched-solaris-x86 0.1.5-1 42.90 NOTE
r-release-linux-x86_64 0.1.5-1 2.62 19.42 22.04 NOTE
r-release-macos-arm64 0.1.5-1 NOTE
r-release-macos-x86_64 0.1.5-1 NOTE
r-release-windows-ix86+x86_64 0.1.5-1 9.00 29.00 38.00 NOTE
r-oldrel-macos-x86_64 0.1.5-1 NOTE
r-oldrel-windows-ix86+x86_64 0.1.5-1 8.00 31.00 39.00 NOTE

Check Details

Version: 0.1.5-1
Check: top-level files
Result: NOTE
    File
     LICENSE
    is not mentioned in the DESCRIPTION file.
Flavors: r-devel-linux-x86_64-debian-clang, r-devel-linux-x86_64-debian-gcc, r-devel-linux-x86_64-fedora-clang, r-devel-linux-x86_64-fedora-gcc, r-devel-windows-x86_64, r-patched-linux-x86_64, r-patched-solaris-x86, r-release-linux-x86_64, r-release-macos-arm64, r-release-macos-x86_64, r-release-windows-ix86+x86_64, r-oldrel-macos-x86_64, r-oldrel-windows-ix86+x86_64

Version: 0.1.5-1
Check: Rd line widths
Result: NOTE
    Rd file 'lassoshooting.Rd':
     \usage lines wider than 90 characters:
     lassoshooting(X=NULL, y=NULL, lambda, XtX=NULL, Xty=NULL, thr=1.0e-6, maxit=1e4, nopenalize=NULL, penaltyweight=NULL, trace=0, ...)
    
    These lines will be truncated in the PDF manual.
Flavors: r-devel-linux-x86_64-debian-clang, r-devel-linux-x86_64-debian-gcc, r-devel-linux-x86_64-fedora-clang, r-devel-linux-x86_64-fedora-gcc, r-patched-linux-x86_64, r-release-linux-x86_64

Version: 0.1.5-1
Check: compiled code
Result: NOTE
    File ‘lassoshooting/libs/lassoshooting.so’:
     Found no calls to: ‘R_registerRoutines’, ‘R_useDynamicSymbols’
    
    It is good practice to register native routines and to disable symbol
    search.
    
    See ‘Writing portable packages’ in the ‘Writing R Extensions’ manual.
Flavors: r-devel-linux-x86_64-fedora-clang, r-devel-linux-x86_64-fedora-gcc

Version: 0.1.5-1
Check: whether package can be installed
Result: ERROR
    Installation failed.
Flavor: r-devel-windows-x86_64-gcc10-UCRT