CRAN Package Check Results for Package lassoshooting

Last updated on 2024-03-01 14:49:28 CET.

Flavor Version Tinstall Tcheck Ttotal Status Flags
r-devel-linux-x86_64-debian-clang 0.1.5-1.1 3.59 19.93 23.52 OK
r-devel-linux-x86_64-debian-gcc 0.1.5-1.1 2.48 16.02 18.50 OK
r-devel-linux-x86_64-fedora-clang 0.1.5-1.1 29.27 NOTE
r-devel-linux-x86_64-fedora-gcc 0.1.5-1.1 28.76 NOTE
r-devel-windows-x86_64 0.1.5-1.1 6.00 39.00 45.00 OK
r-patched-linux-x86_64 0.1.5-1.1 3.28 20.18 23.46 OK
r-release-linux-x86_64 0.1.5-1.1 3.41 19.65 23.06 OK
r-release-macos-arm64 0.1.5-1.1 14.00 OK
r-release-macos-x86_64 0.1.5-1.1 22.00 OK
r-release-windows-x86_64 0.1.5-1.1 5.00 38.00 43.00 OK
r-oldrel-macos-arm64 0.1.5-1.1 15.00 OK
r-oldrel-windows-x86_64 0.1.5-1.1 8.00 44.00 52.00 OK

Check Details

Version: 0.1.5-1.1
Check: compiled code
Result: NOTE File ‘lassoshooting/libs/lassoshooting.so’: Found no calls to: ‘R_registerRoutines’, ‘R_useDynamicSymbols’ It is good practice to register native routines and to disable symbol search. See ‘Writing portable packages’ in the ‘Writing R Extensions’ manual. Flavors: r-devel-linux-x86_64-fedora-clang, r-devel-linux-x86_64-fedora-gcc