CRAN Package Check Results for Package latentcor

Last updated on 2021-10-24 02:48:34 CEST.

Flavor Version Tinstall Tcheck Ttotal Status Flags
r-devel-linux-x86_64-debian-clang 1.1.0 23.12 154.28 177.40 OK
r-devel-linux-x86_64-debian-gcc 1.1.0 20.18 117.34 137.52 OK
r-devel-linux-x86_64-fedora-clang 1.1.0 221.19 NOTE
r-devel-linux-x86_64-fedora-gcc 1.1.0 207.30 NOTE
r-devel-windows-x86_64 1.1.0 36.00 194.00 230.00 OK
r-devel-windows-x86_64-gcc10-UCRT 1.1.0 NOTE
r-patched-linux-x86_64 1.1.0 22.67 154.29 176.96 OK
r-patched-solaris-x86 1.1.0 311.10 NOTE
r-release-linux-x86_64 1.1.0 22.84 154.29 177.13 OK
r-release-macos-arm64 1.1.0 NOTE
r-release-macos-x86_64 1.1.0 NOTE
r-release-windows-ix86+x86_64 1.1.0 38.00 191.00 229.00 OK
r-oldrel-macos-x86_64 1.1.0 NOTE
r-oldrel-windows-ix86+x86_64 1.1.0 49.00 197.00 246.00 OK

Check Details

Version: 1.1.0
Check: dependencies in R code
Result: NOTE
    Namespaces in Imports field not imported from:
     ‘doFuture’ ‘doRNG’ ‘foreach’ ‘future’ ‘microbenchmark’ ‘parallel’
     ‘rmarkdown’ ‘utils’
     All declared Imports should be used.
Flavors: r-devel-linux-x86_64-fedora-clang, r-devel-linux-x86_64-fedora-gcc, r-devel-windows-x86_64-gcc10-UCRT, r-patched-solaris-x86, r-release-macos-arm64, r-release-macos-x86_64, r-oldrel-macos-x86_64