CRAN Package Check Results for Package latex2exp

Last updated on 2019-07-22 13:46:59 CEST.

Flavor Version Tinstall Tcheck Ttotal Status Flags
r-devel-linux-x86_64-debian-clang 0.4.0 2.13 27.29 29.42 NOTE
r-devel-linux-x86_64-debian-gcc 0.4.0 1.74 21.59 23.33 NOTE
r-devel-linux-x86_64-fedora-clang 0.4.0 35.11 OK
r-devel-linux-x86_64-fedora-gcc 0.4.0 34.54 OK
r-devel-windows-ix86+x86_64 0.4.0 4.00 53.00 57.00 NOTE
r-patched-linux-x86_64 0.4.0 1.64 27.24 28.88 OK
r-patched-solaris-x86 0.4.0 69.60 OK
r-release-linux-x86_64 0.4.0 1.80 26.44 28.24 OK
r-release-windows-ix86+x86_64 0.4.0 4.00 40.00 44.00 OK
r-release-osx-x86_64 0.4.0 OK
r-oldrel-windows-ix86+x86_64 0.4.0 4.00 52.00 56.00 OK
r-oldrel-osx-x86_64 0.4.0 OK

Check Details

Version: 0.4.0
Check: package vignettes
Result: NOTE
    Package vignette with placeholder title 'Vignette Title':
     'using-latex2exp.Rmd'
Flavors: r-devel-linux-x86_64-debian-clang, r-devel-linux-x86_64-debian-gcc, r-devel-windows-ix86+x86_64