CRAN Package Check Results for Package lattice

Last updated on 2021-06-20 13:49:00 CEST.

Flavor Version Tinstall Tcheck Ttotal Status Flags
r-devel-linux-x86_64-debian-clang 0.20-44 18.25 148.21 166.46 OK
r-devel-linux-x86_64-debian-gcc 0.20-44 11.85 109.53 121.38 OK
r-devel-linux-x86_64-fedora-clang 0.20-44 203.81 NOTE
r-devel-linux-x86_64-fedora-gcc 0.20-44 194.45 OK
r-devel-windows-x86_64 0.20-44 29.00 127.00 156.00 OK
r-devel-windows-x86_64-gcc10-UCRT 0.20-44 OK
r-patched-linux-x86_64 0.20-44 20.12 140.57 160.69 OK
r-patched-solaris-x86 0.20-44 OK
r-release-linux-x86_64 0.20-44 16.31 140.92 157.23 OK
r-release-macos-arm64 0.20-44 OK
r-release-macos-x86_64 0.20-44 OK
r-release-windows-ix86+x86_64 0.20-44 35.00 164.00 199.00 OK
r-oldrel-macos-x86_64 0.20-44 OK
r-oldrel-windows-ix86+x86_64 0.20-44 29.00 221.00 250.00 OK

Check Details

Version: 0.20-44
Check: Rd cross-references
Result: NOTE
    Undeclared package ‘zoo’ in Rd xrefs
Flavor: r-devel-linux-x86_64-fedora-clang