CRAN Package Check Results for Package lattice

Last updated on 2022-12-05 13:51:08 CET.

Flavor Version Tinstall Tcheck Ttotal Status Flags
r-devel-linux-x86_64-debian-clang 0.20-45 19.58 165.77 185.35 OK
r-devel-linux-x86_64-debian-gcc 0.20-45 12.85 121.64 134.49 OK
r-devel-linux-x86_64-fedora-clang 0.20-45 233.50 NOTE
r-devel-linux-x86_64-fedora-gcc 0.20-45 225.94 OK
r-devel-windows-x86_64 0.20-45 88.00 208.00 296.00 OK
r-patched-linux-x86_64 0.20-45 21.41 151.76 173.17 OK
r-release-linux-x86_64 0.20-45 17.36 153.39 170.75 OK
r-release-macos-arm64 0.20-45 54.00 OK
r-release-macos-x86_64 0.20-45 80.00 OK
r-release-windows-x86_64 0.20-45 86.00 204.00 290.00 OK
r-oldrel-macos-arm64 0.20-45 59.00 OK
r-oldrel-macos-x86_64 0.20-45 97.00 OK
r-oldrel-windows-ix86+x86_64 0.20-45 37.00 234.00 271.00 OK

Check Details

Version: 0.20-45
Check: Rd cross-references
Result: NOTE
    Undeclared package ‘zoo’ in Rd xrefs
Flavor: r-devel-linux-x86_64-fedora-clang