CRAN Package Check Results for Package lattice

Last updated on 2018-06-24 16:48:53 CEST.

Flavor Version Tinstall Tcheck Ttotal Status Flags
r-devel-linux-x86_64-debian-clang 0.20-35 14.01 123.78 137.79 OK
r-devel-linux-x86_64-debian-gcc 0.20-35 8.66 94.82 103.48 OK
r-devel-linux-x86_64-fedora-clang 0.20-35 166.24 OK
r-devel-linux-x86_64-fedora-gcc 0.20-35 158.12 OK
r-devel-windows-ix86+x86_64 0.20-35 33.00 188.00 221.00 OK
r-patched-linux-x86_64 0.20-35 14.49 123.95 138.44 OK
r-patched-solaris-x86 0.20-35 OK
r-release-linux-x86_64 0.20-35 13.96 123.39 137.35 OK
r-release-windows-ix86+x86_64 0.20-35 35.00 243.00 278.00 OK
r-release-osx-x86_64 0.20-35 ERROR
r-oldrel-windows-ix86+x86_64 0.20-35 20.00 341.00 361.00 OK
r-oldrel-osx-x86_64 0.20-35 OK

Check Details

Version: 0.20-35
Check: tests
Result: ERROR
     Running ‘MASSch04.R’ [1s/1s]
    Running the tests in ‘tests/MASSch04.R’ failed.
    Complete output:
     > #-*- R -*-
     >
     > ## Script from Fourth Edition of `Modern Applied Statistics with S'
     >
     > # Chapter 4 Graphical Output
     >
     > library(MASS)
     Error: package or namespace load failed for 'MASS' in gzfile(file, "rb"):
     cannot open the connection
     In addition: Warning message:
     In gzfile(file, "rb") :
     cannot open compressed file '/Volumes/SSD-Data/Builds/R-dev-web/QA/Simon/packages/el-capitan-x86_64/Rlib/3.5/MASS/data/Rdata.rdx', probable reason 'No such file or directory'
     Execution halted
Flavor: r-release-osx-x86_64