CRAN Package Check Results for Package latticeDensity

Last updated on 2022-09-30 13:52:12 CEST.

Flavor Version Tinstall Tcheck Ttotal Status Flags
r-devel-linux-x86_64-debian-clang 1.2.6 13.83 263.61 277.44 OK
r-devel-linux-x86_64-debian-gcc 1.2.6 12.00 195.73 207.73 OK
r-devel-linux-x86_64-fedora-clang 1.2.6 352.95 NOTE
r-devel-linux-x86_64-fedora-gcc 1.2.6 336.17 NOTE
r-devel-windows-x86_64 1.2.6 66.00 279.00 345.00 OK
r-patched-linux-x86_64 1.2.6 12.43 250.35 262.78 OK
r-release-linux-x86_64 1.2.6 11.18 253.24 264.42 OK
r-release-macos-arm64 1.2.6 144.00 NOTE
r-release-macos-x86_64 1.2.6 248.00 NOTE
r-release-windows-x86_64 1.2.6 57.00 277.00 334.00 OK
r-oldrel-macos-arm64 1.2.6 115.00 NOTE
r-oldrel-macos-x86_64 1.2.6 189.00 NOTE
r-oldrel-windows-ix86+x86_64 1.2.6 40.00 288.00 328.00 OK

Check Details

Version: 1.2.6
Check: dependencies in R code
Result: NOTE
    Namespace in Imports field not imported from: ‘sf’
     All declared Imports should be used.
Flavors: r-devel-linux-x86_64-fedora-clang, r-devel-linux-x86_64-fedora-gcc, r-release-macos-arm64, r-release-macos-x86_64, r-oldrel-macos-arm64, r-oldrel-macos-x86_64