CRAN Package Check Results for Package lava

Last updated on 2021-06-22 19:51:58 CEST.

Flavor Version Tinstall Tcheck Ttotal Status Flags
r-devel-linux-x86_64-debian-clang 1.6.9 43.97 394.42 438.39 NOTE
r-devel-linux-x86_64-debian-gcc 1.6.9 31.19 280.83 312.02 NOTE
r-devel-linux-x86_64-fedora-clang 1.6.9 508.96 NOTE
r-devel-linux-x86_64-fedora-gcc 1.6.9 543.17 NOTE
r-devel-windows-x86_64 1.6.9 56.00 308.00 364.00 OK
r-devel-windows-x86_64-gcc10-UCRT 1.6.9 NOTE
r-patched-linux-x86_64 1.6.9 34.04 372.88 406.92 NOTE
r-patched-solaris-x86 1.6.9 582.60 NOTE
r-release-linux-x86_64 1.6.9 31.06 372.12 403.18 NOTE
r-release-macos-arm64 1.6.9 WARN
r-release-macos-x86_64 1.6.9 NOTE
r-release-windows-ix86+x86_64 1.6.9 55.00 321.00 376.00 OK
r-oldrel-macos-x86_64 1.6.9 OK

Check Details

Version: 1.6.9
Check: package dependencies
Result: NOTE
    Packages suggested but not available for checking: 'gof', 'lava.tobit'
Flavors: r-devel-linux-x86_64-debian-clang, r-devel-linux-x86_64-debian-gcc, r-devel-linux-x86_64-fedora-clang, r-devel-linux-x86_64-fedora-gcc, r-patched-linux-x86_64, r-patched-solaris-x86, r-release-linux-x86_64, r-release-macos-x86_64

Version: 1.6.9
Check: package dependencies
Result: NOTE
    Packages suggested but not available for checking:
     'Rgraphviz', 'gof', 'lava.tobit'
Flavor: r-devel-windows-x86_64-gcc10-UCRT

Version: 1.6.9
Check: package dependencies
Result: NOTE
    Packages suggested but not available for checking:
     'Rgraphviz', 'gof', 'lava.tobit', 'lme4'
Flavor: r-release-macos-arm64

Version: 1.6.9
Check: re-building of vignette outputs
Result: WARN
    Error(s) in re-building vignettes:
    --- re-building ‘correlation.Rmd’ using rmarkdown
    Warning in engine$weave(file, quiet = quiet, encoding = enc) :
     Pandoc (>= 1.12.3) not available. Falling back to R Markdown v1.
    Quitting from lines 47-52 (correlation.Rmd)
    Error: processing vignette 'correlation.Rmd' failed with diagnostics:
    invalid 'path' argument
    --- failed re-building ‘correlation.Rmd’
    
    --- re-building ‘gof.Rmd’ using rmarkdown
    Warning in engine$weave(file, quiet = quiet, encoding = enc) :
     Pandoc (>= 1.12.3) not available. Falling back to R Markdown v1.
    --- finished re-building ‘gof.Rmd’
    
    --- re-building ‘nonlinear.Rmd’ using rmarkdown
    Warning in engine$weave(file, quiet = quiet, encoding = enc) :
     Pandoc (>= 1.12.3) not available. Falling back to R Markdown v1.
    Quitting from lines 51-52 (nonlinear.Rmd)
    Error: processing vignette 'nonlinear.Rmd' failed with diagnostics:
    invalid 'path' argument
    --- failed re-building ‘nonlinear.Rmd’
    
    SUMMARY: processing the following files failed:
     ‘correlation.Rmd’ ‘nonlinear.Rmd’
    
    Error: Vignette re-building failed.
    Execution halted
Flavor: r-release-macos-arm64