Last updated on 2023-11-28 09:51:59 CET.
Flavor | Version | Tinstall | Tcheck | Ttotal | Status | Flags |
---|---|---|---|---|---|---|
r-devel-linux-x86_64-debian-clang | 2.0.1 | 74.49 | 342.11 | 416.60 | NOTE | |
r-devel-linux-x86_64-debian-gcc | 2.0.1 | 47.21 | 244.09 | 291.30 | NOTE | |
r-devel-linux-x86_64-fedora-clang | 2.0.1 | 516.49 | NOTE | |||
r-devel-linux-x86_64-fedora-gcc | 2.0.1 | 512.81 | NOTE | |||
r-devel-windows-x86_64 | 2.0.1 | 57.00 | 261.00 | 318.00 | NOTE | |
r-patched-linux-x86_64 | 2.0.1 | 55.12 | 329.80 | 384.92 | OK | |
r-release-linux-x86_64 | 2.0.1 | 61.13 | 323.01 | 384.14 | OK | |
r-release-macos-arm64 | 2.0.1 | 126.00 | OK | |||
r-release-macos-x86_64 | 2.0.1 | 271.00 | OK | |||
r-release-windows-x86_64 | 2.0.1 | 76.00 | 348.00 | 424.00 | OK | |
r-oldrel-macos-arm64 | 2.0.1 | 122.00 | OK | |||
r-oldrel-macos-x86_64 | 2.0.1 | 156.00 | OK | |||
r-oldrel-windows-x86_64 | 2.0.1 | 73.00 | 333.00 | 406.00 | OK |
Version: 2.0.1
Check: Rd files
Result: NOTE
checkRd: (-1) coef2.Rd:19: Lost braces
19 | \item{ssc}{[character] method used to correct the small sample bias of the variance coefficients: no correction (code{"none"}/\code{FALSE}/\code{NA}),
| ^
checkRd: (-1) compare2.Rd:79: Lost braces
79 | \item{ssc}{[character] method used to correct the small sample bias of the variance coefficients: no correction (code{"none"}/\code{FALSE}/\code{NA}),
| ^
checkRd: (-1) compare2.Rd:84: Lost braces
84 | Otherwise (\code{"none"}/code{FALSE}/code{NA}) the degree of freedoms are set to \code{Inf}.
| ^
checkRd: (-1) compare2.Rd:84: Lost braces
84 | Otherwise (\code{"none"}/code{FALSE}/code{NA}) the degree of freedoms are set to \code{Inf}.
| ^
checkRd: (-1) confint2.Rd:40: Lost braces
40 | \item{ssc}{[character] method used to correct the small sample bias of the variance coefficients: no correction (code{"none"}/\code{FALSE}/\code{NA}),
| ^
checkRd: (-1) confint2.Rd:45: Lost braces
45 | Otherwise (\code{"none"}/code{FALSE}/code{NA}) the degree of freedoms are set to \code{Inf}.
| ^
checkRd: (-1) confint2.Rd:45: Lost braces
45 | Otherwise (\code{"none"}/code{FALSE}/code{NA}) the degree of freedoms are set to \code{Inf}.
| ^
checkRd: (-1) effects2.Rd:64: Lost braces
64 | Otherwise (\code{"none"}/code{FALSE}/code{NA}) the degree of freedoms are set to \code{Inf}.
| ^
checkRd: (-1) effects2.Rd:64: Lost braces
64 | Otherwise (\code{"none"}/code{FALSE}/code{NA}) the degree of freedoms are set to \code{Inf}.
| ^
checkRd: (-1) effects2.Rd:67: Lost braces
67 | \item{ssc}{[character] method used to correct the small sample bias of the variance coefficients: no correction (code{"none"}/\code{FALSE}/\code{NA}),
| ^
checkRd: (-1) estimate2.Rd:70: Lost braces
70 | \item{ssc}{[character] method used to correct the small sample bias of the variance coefficients: no correction (code{"none"}/\code{FALSE}/\code{NA}),
| ^
checkRd: (-1) estimate2.Rd:75: Lost braces
75 | Otherwise (\code{"none"}/code{FALSE}/code{NA}) the degree of freedoms are set to \code{Inf}.
| ^
checkRd: (-1) estimate2.Rd:75: Lost braces
75 | Otherwise (\code{"none"}/code{FALSE}/code{NA}) the degree of freedoms are set to \code{Inf}.
| ^
checkRd: (-1) getVarCov2.Rd:20: Lost braces
20 | \item{ssc}{[character] method used to correct the small sample bias of the variance coefficients: no correction (code{"none"}/\code{FALSE}/\code{NA}),
| ^
checkRd: (-1) glht2.Rd:44: Lost braces
44 | \item{ssc}{[character] method used to correct the small sample bias of the variance coefficients: no correction (code{"none"}/\code{FALSE}/\code{NA}),
| ^
checkRd: (-1) glht2.Rd:49: Lost braces
49 | Otherwise (\code{"none"}/code{FALSE}/code{NA}) the degree of freedoms are set to \code{Inf}.
| ^
checkRd: (-1) glht2.Rd:49: Lost braces
49 | Otherwise (\code{"none"}/code{FALSE}/code{NA}) the degree of freedoms are set to \code{Inf}.
| ^
checkRd: (-1) hessian2.Rd:33: Lost braces
33 | \item{ssc}{[character] method used to correct the small sample bias of the variance coefficients: no correction (code{"none"}/\code{FALSE}/\code{NA}),
| ^
checkRd: (-1) information2.Rd:23: Lost braces
23 | \item{ssc}{[character] method used to correct the small sample bias of the variance coefficients: no correction (code{"none"}/\code{FALSE}/\code{NA}),
| ^
checkRd: (-1) leverage2.Rd:21: Lost braces
21 | \item{ssc}{[character] method used to correct the small sample bias of the variance coefficients: no correction (code{"none"}/\code{FALSE}/\code{NA}),
| ^
checkRd: (-1) nobs2.Rd:18: Lost braces
18 | \item{ssc}{[character] method used to correct the small sample bias of the variance coefficients: no correction (code{"none"}/\code{FALSE}/\code{NA}),
| ^
checkRd: (-1) residuals2.Rd:29: Lost braces
29 | \item{ssc}{[character] method used to correct the small sample bias of the variance coefficients: no correction (code{"none"}/\code{FALSE}/\code{NA}),
| ^
checkRd: (-1) score2.Rd:36: Lost braces
36 | \item{ssc}{[character] method used to correct the small sample bias of the variance coefficients: no correction (code{"none"}/\code{FALSE}/\code{NA}),
| ^
checkRd: (-1) summary2.Rd:49: Lost braces
49 | \item{ssc}{[character] method used to correct the small sample bias of the variance coefficients: no correction (code{"none"}/\code{FALSE}/\code{NA}),
| ^
checkRd: (-1) summary2.Rd:54: Lost braces
54 | Otherwise (\code{"none"}/code{FALSE}/code{NA}) the degree of freedoms are set to \code{Inf}.
| ^
checkRd: (-1) summary2.Rd:54: Lost braces
54 | Otherwise (\code{"none"}/code{FALSE}/code{NA}) the degree of freedoms are set to \code{Inf}.
| ^
checkRd: (-1) vcov2.Rd:36: Lost braces
36 | \item{ssc}{[character] method used to correct the small sample bias of the variance coefficients: no correction (code{"none"}/\code{FALSE}/\code{NA}),
| ^
Flavors: r-devel-linux-x86_64-debian-clang, r-devel-linux-x86_64-debian-gcc
Version: 2.0.1
Check: Rd \usage sections
Result: NOTE
Documented arguments not in \usage in Rd file 'moments2.Rd':
‘...’
Documented arguments not in \usage in Rd file 'skeleton.Rd':
‘endogeneous’ ‘...’
Documented arguments not in \usage in Rd file 'vcov2-internal.Rd':
‘...’
Functions with \usage entries need to have the appropriate \alias
entries, and all their arguments documented.
The \usage entries must correspond to syntactically valid R code.
See chapter ‘Writing R documentation files’ in the ‘Writing R
Extensions’ manual.
Flavors: r-devel-linux-x86_64-debian-clang, r-devel-linux-x86_64-debian-gcc, r-devel-linux-x86_64-fedora-clang, r-devel-linux-x86_64-fedora-gcc, r-devel-windows-x86_64