CRAN Package Check Results for Package lavaan.shiny

Last updated on 2018-01-18 10:48:26 CET.

Flavor Version Tinstall Tcheck Ttotal Status Flags
r-devel-linux-x86_64-debian-clang 1.2 7.22 87.96 95.18 OK
r-devel-linux-x86_64-debian-gcc 1.2 7.03 78.19 85.22 OK
r-devel-linux-x86_64-fedora-clang 1.2 139.77 OK
r-devel-linux-x86_64-fedora-gcc 1.2 139.50 OK
r-devel-windows-ix86+x86_64 1.2 21.00 121.00 142.00 OK
r-patched-linux-x86_64 1.2 8.12 113.12 121.24 OK
r-patched-solaris-x86 1.2 3.60 ERROR
r-release-linux-x86_64 1.2 9.82 112.48 122.30 OK
r-release-windows-ix86+x86_64 1.2 22.00 120.00 142.00 OK
r-release-osx-x86_64 1.2 OK
r-oldrel-windows-ix86+x86_64 1.2 31.00 187.00 218.00 OK
r-oldrel-osx-x86_64 1.2 OK

Check Details

Version: 1.2
Check: package dependencies
Result: ERROR
    Package required but not available: ‘semPlot’
    
    See section ‘The DESCRIPTION file’ in the ‘Writing R Extensions’
    manual.
Flavor: r-patched-solaris-x86