CRAN Package Check Results for Package lavaanPlot

Last updated on 2021-10-27 02:52:39 CEST.

Flavor Version Tinstall Tcheck Ttotal Status Flags
r-devel-linux-x86_64-debian-clang 0.6.2 3.38 34.11 37.49 OK
r-devel-linux-x86_64-debian-gcc 0.6.2 2.55 27.15 29.70 OK
r-devel-linux-x86_64-fedora-clang 0.6.2 56.06 OK
r-devel-linux-x86_64-fedora-gcc 0.6.2 45.10 OK
r-devel-windows-x86_64 0.6.2 6.00 63.00 69.00 OK
r-devel-windows-x86_64-gcc10-UCRT 0.6.2 OK
r-patched-linux-x86_64 0.6.2 3.15 33.82 36.97 OK
r-patched-solaris-x86 0.6.2 68.20 NOTE
r-release-linux-x86_64 0.6.2 3.24 33.69 36.93 OK
r-release-macos-arm64 0.6.2 OK
r-release-macos-x86_64 0.6.2 OK
r-release-windows-ix86+x86_64 0.6.2 5.00 57.00 62.00 OK
r-oldrel-macos-x86_64 0.6.2 OK
r-oldrel-windows-ix86+x86_64 0.6.2 8.00 61.00 69.00 OK

Check Details

Version: 0.6.2
Check: package dependencies
Result: NOTE
    Package suggested but not available for checking: ‘rsvg’
Flavor: r-patched-solaris-x86