CRAN Package Check Results for Package lazyData

Last updated on 2022-12-09 23:52:11 CET.

Flavor Version Tinstall Tcheck Ttotal Status Flags
r-devel-linux-x86_64-debian-clang 1.1.0 1.83 23.72 25.55 NOTE
r-devel-linux-x86_64-debian-gcc 1.1.0 1.35 18.49 19.84 NOTE
r-devel-linux-x86_64-fedora-clang 1.1.0 42.46 OK
r-devel-linux-x86_64-fedora-gcc 1.1.0 40.43 OK
r-devel-windows-x86_64 1.1.0 9.00 50.00 59.00 OK
r-patched-linux-x86_64 1.1.0 1.92 22.56 24.48 NOTE
r-release-linux-x86_64 1.1.0 1.82 22.61 24.43 NOTE
r-release-macos-arm64 1.1.0 16.00 OK
r-release-macos-x86_64 1.1.0 22.00 OK
r-release-windows-x86_64 1.1.0 10.00 51.00 61.00 OK
r-oldrel-macos-arm64 1.1.0 20.00 OK
r-oldrel-macos-x86_64 1.1.0 25.00 OK
r-oldrel-windows-ix86+x86_64 1.1.0 4.00 48.00 52.00 OK

Check Details

Version: 1.1.0
Check: R code for possible problems
Result: NOTE
    Found the following calls to attach():
    File 'lazyData/R/requireData.R':
     attach(NULL, pos = pos, name = searchDataName)
    See section 'Good practice' in '?attach'.
Flavors: r-devel-linux-x86_64-debian-clang, r-devel-linux-x86_64-debian-gcc, r-patched-linux-x86_64, r-release-linux-x86_64