CRAN Package Check Results for Package lazyeval

Last updated on 2020-09-25 04:50:25 CEST.

Flavor Version Tinstall Tcheck Ttotal Status Flags
r-devel-linux-x86_64-debian-clang 0.2.2 2.61 31.68 34.29 OK
r-devel-linux-x86_64-debian-gcc 0.2.2 2.65 24.62 27.27 OK
r-devel-linux-x86_64-fedora-clang 0.2.2 52.16 OK
r-devel-linux-x86_64-fedora-gcc 0.2.2 42.78 OK
r-devel-windows-ix86+x86_64 0.2.2 14.00 63.00 77.00 OK
r-patched-linux-x86_64 0.2.2 3.39 30.96 34.35 OK
r-patched-solaris-x86 0.2.2 58.50 OK
r-release-linux-x86_64 0.2.2 3.03 31.37 34.40 OK
r-release-macos-x86_64 0.2.2 OK
r-release-windows-ix86+x86_64 0.2.2 12.00 64.00 76.00 OK
r-oldrel-macos-x86_64 0.2.2 ERROR
r-oldrel-windows-ix86+x86_64 0.2.2 25.00 59.00 84.00 OK

Check Details

Version: 0.2.2
Check: tests
Result: ERROR
     Running ‘testthat.R’ [0s/1s]
    Running the tests in ‘tests/testthat.R’ failed.
    Complete output:
     > library(testthat)
     Error: package or namespace load failed for 'testthat' in loadNamespace(i, c(lib.loc, .libPaths()), versionCheck = vI[[i]]):
     there is no package called 'rlang'
     Execution halted
Flavor: r-oldrel-macos-x86_64