CRAN Package Check Results for Package lazyeval

Last updated on 2019-07-19 03:46:52 CEST.

Flavor Version Tinstall Tcheck Ttotal Status Flags
r-devel-linux-x86_64-debian-clang 0.2.2 3.47 27.45 30.92 OK
r-devel-linux-x86_64-debian-gcc 0.2.2 2.25 22.67 24.92 OK
r-devel-linux-x86_64-fedora-clang 0.2.2 38.27 OK
r-devel-linux-x86_64-fedora-gcc 0.2.2 38.58 OK
r-devel-windows-ix86+x86_64 0.2.2 25.00 71.00 96.00 OK
r-patched-linux-x86_64 0.2.2 2.60 28.08 30.68 OK
r-patched-solaris-x86 0.2.2 60.80 OK
r-release-linux-x86_64 0.2.2 2.74 28.38 31.12 OK
r-release-windows-ix86+x86_64 0.2.2 17.00 51.00 68.00 OK
r-release-osx-x86_64 0.2.2 ERROR
r-oldrel-windows-ix86+x86_64 0.2.2 15.00 60.00 75.00 OK
r-oldrel-osx-x86_64 0.2.2 OK

Check Details

Version: 0.2.2
Check: tests
Result: ERROR
     Running ‘testthat.R’ [0s/1s]
    Running the tests in ‘tests/testthat.R’ failed.
    Complete output:
     > library(testthat)
     Error: package or namespace load failed for 'testthat' in loadNamespace(i, c(lib.loc, .libPaths()), versionCheck = vI[[i]]):
     there is no package called 'rlang'
     Execution halted
Flavor: r-release-osx-x86_64