CRAN Package Check Results for Package lazysf

Last updated on 2023-03-21 14:50:15 CET.

Flavor Version Tinstall Tcheck Ttotal Status Flags
r-devel-linux-x86_64-debian-clang 0.1.0 9.08 71.14 80.22 NOTE
r-devel-linux-x86_64-debian-gcc 0.1.0 7.19 53.03 60.22 NOTE
r-devel-linux-x86_64-fedora-clang 0.1.0 101.42 NOTE
r-devel-linux-x86_64-fedora-gcc 0.1.0 101.28 NOTE
r-patched-linux-x86_64 0.1.0 11.02 67.01 78.03 NOTE
r-release-linux-x86_64 0.1.0 7.82 66.41 74.23 NOTE
r-release-macos-arm64 0.1.0 29.00 NOTE
r-release-macos-x86_64 0.1.0 54.00 NOTE
r-release-windows-x86_64 0.1.0 27.00 94.00 121.00 NOTE
r-oldrel-macos-arm64 0.1.0 36.00 NOTE
r-oldrel-macos-x86_64 0.1.0 52.00 NOTE
r-oldrel-windows-ix86+x86_64 0.1.0 22.00 90.00 112.00 NOTE

Check Details

Version: 0.1.0
Check: LazyData
Result: NOTE
     'LazyData' is specified without a 'data' directory
Flavors: r-devel-linux-x86_64-debian-clang, r-devel-linux-x86_64-debian-gcc, r-devel-linux-x86_64-fedora-clang, r-devel-linux-x86_64-fedora-gcc, r-patched-linux-x86_64, r-release-linux-x86_64, r-release-macos-arm64, r-release-macos-x86_64, r-release-windows-x86_64, r-oldrel-macos-arm64, r-oldrel-macos-x86_64, r-oldrel-windows-ix86+x86_64