CRAN Package Check Results for Package lazysql

Last updated on 2021-10-16 01:48:22 CEST.

Flavor Version Tinstall Tcheck Ttotal Status Flags
r-devel-linux-x86_64-debian-clang 0.1.3 1.94 22.55 24.49 NOTE
r-devel-linux-x86_64-debian-gcc 0.1.3 1.59 18.67 20.26 NOTE
r-devel-linux-x86_64-fedora-clang 0.1.3 40.04 NOTE
r-devel-linux-x86_64-fedora-gcc 0.1.3 29.17 NOTE
r-devel-windows-x86_64 0.1.3 3.00 31.00 34.00 NOTE
r-devel-windows-x86_64-gcc10-UCRT 0.1.3 NOTE
r-patched-linux-x86_64 0.1.3 1.97 21.79 23.76 NOTE
r-patched-solaris-x86 0.1.3 46.10 NOTE
r-release-linux-x86_64 0.1.3 1.84 21.61 23.45 NOTE
r-release-macos-arm64 0.1.3 NOTE
r-release-macos-x86_64 0.1.3 NOTE
r-release-windows-ix86+x86_64 0.1.3 5.00 50.00 55.00 NOTE
r-oldrel-macos-x86_64 0.1.3 OK
r-oldrel-windows-ix86+x86_64 0.1.3 6.00 47.00 53.00 OK

Check Details

Version: 0.1.3
Check: LazyData
Result: NOTE
     'LazyData' is specified without a 'data' directory
Flavors: r-devel-linux-x86_64-debian-clang, r-devel-linux-x86_64-debian-gcc, r-devel-linux-x86_64-fedora-clang, r-devel-linux-x86_64-fedora-gcc, r-devel-windows-x86_64, r-devel-windows-x86_64-gcc10-UCRT, r-patched-linux-x86_64, r-patched-solaris-x86, r-release-linux-x86_64, r-release-macos-arm64, r-release-macos-x86_64, r-release-windows-ix86+x86_64