CRAN Package Check Results for Package lcda

Last updated on 2021-10-17 10:49:18 CEST.

Flavor Version Tinstall Tcheck Ttotal Status Flags
r-devel-linux-x86_64-debian-clang 0.3 2.90 40.74 43.64 NOTE
r-devel-linux-x86_64-debian-gcc 0.3 2.28 30.19 32.47 NOTE
r-devel-linux-x86_64-fedora-clang 0.3 61.55 NOTE
r-devel-linux-x86_64-fedora-gcc 0.3 50.30 NOTE
r-devel-windows-x86_64 0.3 4.00 56.00 60.00 NOTE
r-devel-windows-x86_64-gcc10-UCRT 0.3 NOTE
r-patched-linux-x86_64 0.3 3.16 38.99 42.15 NOTE
r-patched-solaris-x86 0.3 69.40 NOTE
r-release-linux-x86_64 0.3 2.93 38.41 41.34 NOTE
r-release-macos-arm64 0.3 NOTE
r-release-macos-x86_64 0.3 NOTE
r-release-windows-ix86+x86_64 0.3 5.00 59.00 64.00 NOTE
r-oldrel-macos-x86_64 0.3 NOTE
r-oldrel-windows-ix86+x86_64 0.3 7.00 58.00 65.00 NOTE

Check Details

Version: 0.3
Check: DESCRIPTION meta-information
Result: NOTE
    Malformed Description field: should contain one or more complete sentences.
Flavors: r-devel-linux-x86_64-debian-clang, r-devel-linux-x86_64-debian-gcc, r-devel-linux-x86_64-fedora-clang, r-devel-linux-x86_64-fedora-gcc, r-devel-windows-x86_64, r-devel-windows-x86_64-gcc10-UCRT, r-patched-linux-x86_64, r-patched-solaris-x86, r-release-linux-x86_64, r-release-macos-arm64, r-release-macos-x86_64, r-release-windows-ix86+x86_64, r-oldrel-macos-x86_64, r-oldrel-windows-ix86+x86_64

Version: 0.3
Check: R code for possible problems
Result: NOTE
    cclcda.default: no visible global function definition for 'as.formula'
    cclcda.default: no visible global function definition for 'chisq.test'
    cclcda.formula: no visible global function definition for 'model.frame'
    cclcda2.default: no visible global function definition for 'runif'
    cclcda2.default: no visible global function definition for 'chisq.test'
    cclcda2.formula: no visible global function definition for
     'model.frame'
    lcda.default: no visible global function definition for 'as.formula'
    lcda.formula: no visible global function definition for 'model.frame'
    Undefined global functions or variables:
     as.formula chisq.test model.frame runif
    Consider adding
     importFrom("stats", "as.formula", "chisq.test", "model.frame", "runif")
    to your NAMESPACE file.
Flavors: r-devel-linux-x86_64-debian-clang, r-devel-linux-x86_64-debian-gcc, r-devel-linux-x86_64-fedora-clang, r-devel-linux-x86_64-fedora-gcc, r-devel-windows-x86_64, r-devel-windows-x86_64-gcc10-UCRT, r-patched-linux-x86_64, r-patched-solaris-x86, r-release-linux-x86_64, r-release-macos-arm64, r-release-macos-x86_64, r-release-windows-ix86+x86_64, r-oldrel-macos-x86_64, r-oldrel-windows-ix86+x86_64