CRAN Package Check Results for Package lcda

Last updated on 2019-04-19 12:47:41 CEST.

Flavor Version Tinstall Tcheck Ttotal Status Flags
r-devel-linux-x86_64-debian-clang 0.3 2.38 35.79 38.17 NOTE
r-devel-linux-x86_64-debian-gcc 0.3 1.95 27.47 29.42 NOTE
r-devel-linux-x86_64-fedora-clang 0.3 42.31 NOTE
r-devel-linux-x86_64-fedora-gcc 0.3 40.81 NOTE
r-devel-windows-ix86+x86_64 0.3 7.00 48.00 55.00 NOTE
r-patched-linux-x86_64 0.3 2.06 34.60 36.66 NOTE
r-patched-solaris-x86 0.3 60.40 NOTE
r-release-linux-x86_64 0.3 1.53 32.47 34.00 NOTE
r-release-windows-ix86+x86_64 0.3 4.00 58.00 62.00 NOTE
r-release-osx-x86_64 0.3 NOTE
r-oldrel-windows-ix86+x86_64 0.3 3.00 61.00 64.00 NOTE
r-oldrel-osx-x86_64 0.3 NOTE

Check Details

Version: 0.3
Check: DESCRIPTION meta-information
Result: NOTE
    Malformed Description field: should contain one or more complete sentences.
Flavors: r-devel-linux-x86_64-debian-clang, r-devel-linux-x86_64-debian-gcc, r-devel-linux-x86_64-fedora-clang, r-devel-linux-x86_64-fedora-gcc, r-devel-windows-ix86+x86_64, r-patched-linux-x86_64, r-patched-solaris-x86, r-release-linux-x86_64, r-release-windows-ix86+x86_64, r-release-osx-x86_64, r-oldrel-windows-ix86+x86_64, r-oldrel-osx-x86_64

Version: 0.3
Check: R code for possible problems
Result: NOTE
    cclcda.default: no visible global function definition for 'as.formula'
    cclcda.default: no visible global function definition for 'chisq.test'
    cclcda.formula: no visible global function definition for 'model.frame'
    cclcda2.default: no visible global function definition for 'runif'
    cclcda2.default: no visible global function definition for 'chisq.test'
    cclcda2.formula: no visible global function definition for
     'model.frame'
    lcda.default: no visible global function definition for 'as.formula'
    lcda.formula: no visible global function definition for 'model.frame'
    Undefined global functions or variables:
     as.formula chisq.test model.frame runif
    Consider adding
     importFrom("stats", "as.formula", "chisq.test", "model.frame", "runif")
    to your NAMESPACE file.
Flavors: r-devel-linux-x86_64-debian-clang, r-devel-linux-x86_64-debian-gcc, r-devel-linux-x86_64-fedora-clang, r-devel-linux-x86_64-fedora-gcc, r-devel-windows-ix86+x86_64, r-patched-linux-x86_64, r-patched-solaris-x86, r-release-linux-x86_64, r-release-windows-ix86+x86_64, r-release-osx-x86_64, r-oldrel-windows-ix86+x86_64, r-oldrel-osx-x86_64