CRAN Package Check Results for Package lcmm

Last updated on 2019-12-10 22:49:37 CET.

Flavor Version Tinstall Tcheck Ttotal Status Flags
r-devel-linux-x86_64-debian-clang 1.8.1 113.43 405.82 519.25 OK
r-devel-linux-x86_64-debian-gcc 1.8.1 101.35 287.55 388.90 OK
r-devel-linux-x86_64-fedora-clang 1.8.1 653.43 OK
r-devel-linux-x86_64-fedora-gcc 1.8.1 648.93 OK
r-devel-windows-ix86+x86_64 1.8.1 172.00 581.00 753.00 NOTE
r-devel-windows-ix86+x86_64-gcc8 1.8.1 184.00 570.00 754.00 NOTE
r-patched-linux-x86_64 1.8.1 101.76 375.56 477.32 OK
r-patched-solaris-x86 1.8.1 1036.30 NOTE
r-release-linux-x86_64 1.8.1 95.98 380.61 476.59 OK
r-release-windows-ix86+x86_64 1.8.1 175.00 472.00 647.00 NOTE
r-release-osx-x86_64 1.8.1 OK
r-oldrel-windows-ix86+x86_64 1.8.1 195.00 410.00 605.00 NOTE
r-oldrel-osx-x86_64 1.8.1 OK

Additional issues

LTO

Check Details

Version: 1.8.1
Check: installed package size
Result: NOTE
     installed size is 5.1Mb
     sub-directories of 1Mb or more:
     R 1.1Mb
     doc 1.4Mb
     libs 2.3Mb
Flavors: r-devel-windows-ix86+x86_64, r-devel-windows-ix86+x86_64-gcc8, r-patched-solaris-x86, r-release-windows-ix86+x86_64, r-oldrel-windows-ix86+x86_64