CRAN Package Check Results for Package lcpm

Last updated on 2022-01-17 09:56:02 CET.

Flavor Version Tinstall Tcheck Ttotal Status Flags
r-devel-linux-x86_64-debian-clang 0.1.1 8.64 76.07 84.71 NOTE
r-devel-linux-x86_64-debian-gcc 0.1.1 6.83 59.18 66.01 NOTE
r-devel-linux-x86_64-fedora-clang 0.1.1 102.33 NOTE
r-devel-linux-x86_64-fedora-gcc 0.1.1 92.42 NOTE
r-devel-windows-x86_64-new-UL 0.1.1 19.00 98.00 117.00 NOTE
r-devel-windows-x86_64-new-TK 0.1.1 NOTE
r-patched-linux-x86_64 0.1.1 6.55 74.92 81.47 NOTE
r-release-linux-x86_64 0.1.1 NOTE
r-release-macos-arm64 0.1.1 NOTE
r-release-macos-x86_64 0.1.1 NOTE
r-release-windows-ix86+x86_64 0.1.1 17.00 87.00 104.00 NOTE
r-oldrel-macos-x86_64 0.1.1 OK
r-oldrel-windows-ix86+x86_64 0.1.1 16.00 87.00 103.00 OK

Check Details

Version: 0.1.1
Check: LazyData
Result: NOTE
     'LazyData' is specified without a 'data' directory
Flavors: r-devel-linux-x86_64-debian-clang, r-devel-linux-x86_64-debian-gcc, r-devel-linux-x86_64-fedora-clang, r-devel-linux-x86_64-fedora-gcc, r-devel-windows-x86_64-new-UL, r-devel-windows-x86_64-new-TK, r-patched-linux-x86_64, r-release-linux-x86_64, r-release-macos-arm64, r-release-macos-x86_64, r-release-windows-ix86+x86_64