Last updated on 2023-09-27 10:00:43 CEST.
Flavor | Version | Tinstall | Tcheck | Ttotal | Status | Flags |
---|---|---|---|---|---|---|
r-devel-linux-x86_64-debian-clang | 1.0.2 | 5.36 | 254.90 | 260.26 | NOTE | |
r-devel-linux-x86_64-debian-gcc | 1.0.2 | 3.95 | 187.57 | 191.52 | NOTE | |
r-devel-linux-x86_64-fedora-clang | 1.0.2 | 304.63 | NOTE | |||
r-devel-linux-x86_64-fedora-gcc | 1.0.2 | 323.71 | NOTE | |||
r-devel-windows-x86_64 | 1.0.2 | 8.00 | 178.00 | 186.00 | NOTE | |
r-patched-linux-x86_64 | 1.0.2 | 4.97 | 247.63 | 252.60 | OK | |
r-release-linux-x86_64 | 1.0.2 | 4.45 | 240.96 | 245.41 | OK | |
r-release-macos-arm64 | 1.0.2 | 88.00 | OK | |||
r-release-macos-x86_64 | 1.0.2 | 161.00 | OK | |||
r-release-windows-x86_64 | 1.0.2 | 9.00 | 257.00 | 266.00 | OK | |
r-oldrel-macos-arm64 | 1.0.2 | 66.00 | OK | |||
r-oldrel-macos-x86_64 | 1.0.2 | 128.00 | OK | |||
r-oldrel-windows-x86_64 | 1.0.2 | 8.00 | 253.00 | 261.00 | OK |
Version: 1.0.2
Check: Rd \usage sections
Result: NOTE
Documented arguments not in \usage in documentation object '.choose_best_subjects':
‘best’ ‘candidate’
Documented arguments not in \usage in documentation object '.normalize_props':
‘keep_all_items’
Functions with \usage entries need to have the appropriate \alias
entries, and all their arguments documented.
The \usage entries must correspond to syntactically valid R code.
See chapter ‘Writing R documentation files’ in the ‘Writing R
Extensions’ manual.
Flavors: r-devel-linux-x86_64-debian-clang, r-devel-linux-x86_64-debian-gcc, r-devel-linux-x86_64-fedora-clang, r-devel-linux-x86_64-fedora-gcc, r-devel-windows-x86_64