CRAN Package Check Results for Package ldatuning

Last updated on 2021-09-27 23:50:43 CEST.

Flavor Version Tinstall Tcheck Ttotal Status Flags
r-devel-linux-x86_64-debian-clang 1.0.2 5.75 66.85 72.60 NOTE
r-devel-linux-x86_64-debian-gcc 1.0.2 4.67 49.60 54.27 NOTE
r-devel-linux-x86_64-fedora-clang 1.0.2 96.41 NOTE
r-devel-linux-x86_64-fedora-gcc 1.0.2 82.26 NOTE
r-devel-windows-x86_64 1.0.2 7.00 74.00 81.00 NOTE
r-devel-windows-x86_64-gcc10-UCRT 1.0.2 NOTE
r-patched-linux-x86_64 1.0.2 8.39 61.24 69.63 NOTE
r-patched-solaris-x86 1.0.2 155.60 NOTE
r-release-linux-x86_64 1.0.2 5.11 61.84 66.95 NOTE
r-release-macos-arm64 1.0.2 NOTE
r-release-macos-x86_64 1.0.2 NOTE
r-release-windows-ix86+x86_64 1.0.2 15.00 70.00 85.00 NOTE
r-oldrel-macos-x86_64 1.0.2 OK
r-oldrel-windows-ix86+x86_64 1.0.2 13.00 78.00 91.00 OK

Check Details

Version: 1.0.2
Check: LazyData
Result: NOTE
     'LazyData' is specified without a 'data' directory
Flavors: r-devel-linux-x86_64-debian-clang, r-devel-linux-x86_64-debian-gcc, r-devel-linux-x86_64-fedora-clang, r-devel-linux-x86_64-fedora-gcc, r-devel-windows-x86_64, r-devel-windows-x86_64-gcc10-UCRT, r-patched-linux-x86_64, r-patched-solaris-x86, r-release-linux-x86_64, r-release-macos-arm64, r-release-macos-x86_64, r-release-windows-ix86+x86_64

Version: 1.0.2
Check: Rd cross-references
Result: NOTE
    Undeclared package ‘tm’ in Rd xrefs
Flavor: r-devel-linux-x86_64-fedora-clang