CRAN Package Check Results for Package ldbod

Last updated on 2022-10-07 12:55:04 CEST.

Flavor Version Tinstall Tcheck Ttotal Status Flags
r-devel-linux-x86_64-debian-clang 0.1.2 1.81 32.22 34.03 NOTE
r-devel-linux-x86_64-debian-gcc 0.1.2 1.89 24.29 26.18 NOTE
r-devel-linux-x86_64-fedora-clang 0.1.2 54.25 NOTE
r-devel-linux-x86_64-fedora-gcc 0.1.2 51.27 NOTE
r-devel-windows-x86_64 0.1.2 9.00 56.00 65.00 NOTE
r-patched-linux-x86_64 0.1.2 2.28 30.61 32.89 NOTE
r-release-linux-x86_64 0.1.2 2.14 30.38 32.52 NOTE
r-release-macos-arm64 0.1.2 17.00 NOTE
r-release-macos-x86_64 0.1.2 23.00 NOTE
r-release-windows-x86_64 0.1.2 8.00 56.00 64.00 NOTE
r-oldrel-macos-arm64 0.1.2 23.00 NOTE
r-oldrel-macos-x86_64 0.1.2 29.00 NOTE
r-oldrel-windows-ix86+x86_64 0.1.2 6.00 54.00 60.00 NOTE

Check Details

Version: 0.1.2
Check: LazyData
Result: NOTE
     'LazyData' is specified without a 'data' directory
Flavors: r-devel-linux-x86_64-debian-clang, r-devel-linux-x86_64-debian-gcc, r-devel-linux-x86_64-fedora-clang, r-devel-linux-x86_64-fedora-gcc, r-devel-windows-x86_64, r-patched-linux-x86_64, r-release-linux-x86_64, r-release-macos-arm64, r-release-macos-x86_64, r-release-windows-x86_64, r-oldrel-macos-arm64, r-oldrel-macos-x86_64, r-oldrel-windows-ix86+x86_64