CRAN Package Check Results for Package ldbod

Last updated on 2023-05-28 03:54:05 CEST.

Flavor Version Tinstall Tcheck Ttotal Status Flags
r-devel-linux-x86_64-debian-clang 0.1.2 2.49 30.16 32.65 NOTE
r-devel-linux-x86_64-debian-gcc 0.1.2 2.22 23.19 25.41 NOTE
r-devel-linux-x86_64-fedora-clang 0.1.2 41.68 NOTE
r-devel-linux-x86_64-fedora-gcc 0.1.2 39.38 NOTE
r-devel-windows-x86_64 0.1.2 3.00 44.00 47.00 NOTE
r-patched-linux-x86_64 0.1.2 3.06 28.48 31.54 NOTE
r-release-linux-x86_64 0.1.2 2.37 28.97 31.34 NOTE
r-release-macos-arm64 0.1.2 17.00 NOTE
r-release-macos-x86_64 0.1.2 24.00 NOTE
r-release-windows-x86_64 0.1.2 3.00 44.00 47.00 NOTE
r-oldrel-macos-arm64 0.1.2 20.00 NOTE
r-oldrel-macos-x86_64 0.1.2 23.00 NOTE
r-oldrel-windows-x86_64 0.1.2 4.00 48.00 52.00 NOTE

Check Details

Version: 0.1.2
Check: LazyData
Result: NOTE
     'LazyData' is specified without a 'data' directory
Flavors: r-devel-linux-x86_64-debian-clang, r-devel-linux-x86_64-debian-gcc, r-devel-linux-x86_64-fedora-clang, r-devel-linux-x86_64-fedora-gcc, r-devel-windows-x86_64, r-patched-linux-x86_64, r-release-linux-x86_64, r-release-macos-arm64, r-release-macos-x86_64, r-release-windows-x86_64, r-oldrel-macos-arm64, r-oldrel-macos-x86_64, r-oldrel-windows-x86_64