CRAN Package Check Results for Package ldsep

Last updated on 2021-05-09 06:47:01 CEST.

Flavor Version Tinstall Tcheck Ttotal Status Flags
r-devel-linux-x86_64-debian-clang 2.0.2 131.86 114.06 245.92 OK
r-devel-linux-x86_64-debian-gcc 2.0.2 94.17 83.13 177.30 OK
r-devel-linux-x86_64-fedora-clang 2.0.2 352.06 NOTE
r-devel-linux-x86_64-fedora-gcc 2.0.2 334.41 OK
r-devel-windows-ix86+x86_64 2.0.2 234.00 156.00 390.00 OK
r-devel-windows-x86_64-gcc10-UCRT 2.0.2 OK
r-patched-linux-x86_64 2.0.2 107.93 110.39 218.32 OK
r-patched-solaris-x86 2.0.2 356.60 OK
r-release-linux-x86_64 2.0.2 106.95 108.45 215.40 OK
r-release-macos-x86_64 2.0.2 NOTE
r-release-windows-ix86+x86_64 2.0.2 249.00 164.00 413.00 OK
r-oldrel-macos-x86_64 2.0.2 NOTE
r-oldrel-windows-ix86+x86_64 2.0.2 287.00 194.00 481.00 OK

Check Details

Version: 2.0.2
Check: installed package size
Result: NOTE
     installed size is 5.3Mb
     sub-directories of 1Mb or more:
     libs 4.5Mb
Flavors: r-devel-linux-x86_64-fedora-clang, r-release-macos-x86_64, r-oldrel-macos-x86_64