CRAN Package Check Results for Package ldt

Last updated on 2024-02-22 01:57:32 CET.

Flavor Version Tinstall Tcheck Ttotal Status Flags
r-devel-linux-x86_64-debian-clang 0.5.2 OK
r-devel-linux-x86_64-debian-gcc 0.5.2 419.97 68.07 488.04 OK
r-devel-linux-x86_64-fedora-clang 0.5.2 925.92 OK
r-devel-linux-x86_64-fedora-gcc 0.5.2 957.61 OK
r-devel-windows-x86_64 0.5.2 414.00 146.00 560.00 OK
r-patched-linux-x86_64 0.5.2 507.91 88.62 596.53 OK
r-release-linux-x86_64 0.5.2 518.11 88.71 606.82 OK
r-release-macos-arm64 0.5.2 198.00 NOTE
r-release-macos-x86_64 0.5.2 222.00 NOTE
r-release-windows-x86_64 0.5.2 532.00 173.00 705.00 OK
r-oldrel-macos-arm64 0.5.2 187.00 NOTE
r-oldrel-windows-x86_64 0.5.2 507.00 157.00 664.00 OK

Check Details

Version: 0.5.2
Check: installed package size
Result: NOTE installed size is 26.1Mb sub-directories of 1Mb or more: libs 24.8Mb Flavors: r-release-macos-arm64, r-release-macos-x86_64, r-oldrel-macos-arm64