CRAN Package Check Results for Package leafgl

Last updated on 2024-04-23 02:54:09 CEST.

Flavor Version Tinstall Tcheck Ttotal Status Flags
r-devel-linux-x86_64-debian-clang 0.1.1 4.08 44.36 48.44 NOTE
r-devel-linux-x86_64-debian-gcc 0.1.1 3.38 33.40 36.78 NOTE
r-devel-linux-x86_64-fedora-clang 0.1.1 59.89 NOTE
r-devel-linux-x86_64-fedora-gcc 0.1.1 56.87 NOTE
r-prerel-macos-arm64 0.1.1 22.00 NOTE
r-prerel-windows-x86_64 0.1.1 6.00 56.00 62.00 NOTE
r-patched-linux-x86_64 0.1.1 4.68 42.41 47.09 NOTE
r-release-linux-x86_64 0.1.1 3.53 42.52 46.05 NOTE
r-release-macos-arm64 0.1.1 22.00 NOTE
r-release-macos-x86_64 0.1.1 34.00 NOTE
r-release-windows-x86_64 0.1.1 6.00 60.00 66.00 NOTE
r-oldrel-macos-arm64 0.1.1 20.00 NOTE
r-oldrel-windows-x86_64 0.1.1 7.00 63.00 70.00 NOTE

Check Details

Version: 0.1.1
Check: LazyData
Result: NOTE 'LazyData' is specified without a 'data' directory Flavors: r-devel-linux-x86_64-debian-clang, r-devel-linux-x86_64-debian-gcc, r-devel-linux-x86_64-fedora-clang, r-devel-linux-x86_64-fedora-gcc, r-prerel-macos-arm64, r-prerel-windows-x86_64, r-patched-linux-x86_64, r-release-linux-x86_64, r-release-macos-arm64, r-release-macos-x86_64, r-release-windows-x86_64, r-oldrel-macos-arm64, r-oldrel-windows-x86_64