CRAN Package Check Results for Package leaflet.extras

Last updated on 2022-12-07 03:57:27 CET.

Flavor Version Tinstall Tcheck Ttotal Status Flags
r-devel-linux-x86_64-debian-clang 1.0.0 5.15 42.18 47.33 NOTE
r-devel-linux-x86_64-debian-gcc 1.0.0 3.86 32.85 36.71 NOTE
r-devel-linux-x86_64-fedora-clang 1.0.0 72.27 NOTE
r-devel-linux-x86_64-fedora-gcc 1.0.0 65.65 NOTE
r-devel-windows-x86_64 1.0.0 646.00 82.00 728.00 NOTE
r-patched-linux-x86_64 1.0.0 10.94 39.43 50.37 NOTE
r-release-linux-x86_64 1.0.0 4.51 39.85 44.36 NOTE
r-release-macos-arm64 1.0.0 22.00 NOTE
r-release-macos-x86_64 1.0.0 46.00 NOTE
r-release-windows-x86_64 1.0.0 538.00 72.00 610.00 NOTE
r-oldrel-macos-arm64 1.0.0 25.00 NOTE
r-oldrel-macos-x86_64 1.0.0 34.00 NOTE
r-oldrel-windows-ix86+x86_64 1.0.0 12.00 69.00 81.00 NOTE

Check Details

Version: 1.0.0
Check: LazyData
Result: NOTE
     'LazyData' is specified without a 'data' directory
Flavors: r-devel-linux-x86_64-debian-clang, r-devel-linux-x86_64-debian-gcc, r-devel-linux-x86_64-fedora-clang, r-devel-linux-x86_64-fedora-gcc, r-devel-windows-x86_64, r-patched-linux-x86_64, r-release-linux-x86_64, r-release-macos-arm64, r-release-macos-x86_64, r-release-windows-x86_64, r-oldrel-macos-arm64, r-oldrel-macos-x86_64, r-oldrel-windows-ix86+x86_64