CRAN Package Check Results for Package leaflet.extras

Last updated on 2019-06-17 04:46:39 CEST.

Flavor Version Tinstall Tcheck Ttotal Status Flags
r-devel-linux-x86_64-debian-clang 1.0.0 3.74 34.16 37.90 OK
r-devel-linux-x86_64-debian-gcc 1.0.0 3.68 27.52 31.20 OK
r-devel-linux-x86_64-fedora-clang 1.0.0 46.20 OK
r-devel-linux-x86_64-fedora-gcc 1.0.0 44.16 OK
r-devel-windows-ix86+x86_64 1.0.0 23.00 55.00 78.00 OK
r-patched-linux-x86_64 1.0.0 4.24 34.76 39.00 OK
r-patched-solaris-x86 1.0.0 73.00 NOTE
r-release-linux-x86_64 1.0.0 4.27 34.66 38.93 OK
r-release-windows-ix86+x86_64 1.0.0 16.00 76.00 92.00 OK
r-release-osx-x86_64 1.0.0 OK
r-oldrel-windows-ix86+x86_64 1.0.0 10.00 81.00 91.00 OK
r-oldrel-osx-x86_64 1.0.0 OK

Check Details

Version: 1.0.0
Check: installed package size
Result: NOTE
     installed size is 5.5Mb
     sub-directories of 1Mb or more:
     htmlwidgets 4.2Mb
Flavor: r-patched-solaris-x86