CRAN Package Check Results for Package leaflet.extras

Last updated on 2019-08-26 11:48:47 CEST.

Flavor Version Tinstall Tcheck Ttotal Status Flags
r-devel-linux-x86_64-debian-clang 1.0.0 5.41 34.00 39.41 OK
r-devel-linux-x86_64-debian-gcc 1.0.0 4.16 27.23 31.39 OK
r-devel-linux-x86_64-fedora-clang 1.0.0 48.20 OK
r-devel-linux-x86_64-fedora-gcc 1.0.0 46.33 OK
r-devel-windows-ix86+x86_64 1.0.0 31.00 54.00 85.00 OK
r-patched-linux-x86_64 1.0.0 4.57 34.41 38.98 OK
r-patched-solaris-x86 1.0.0 75.60 NOTE
r-release-linux-x86_64 1.0.0 3.71 34.33 38.04 OK
r-release-windows-ix86+x86_64 1.0.0 27.00 90.00 117.00 OK
r-release-osx-x86_64 1.0.0 OK
r-oldrel-windows-ix86+x86_64 1.0.0 17.00 74.00 91.00 OK
r-oldrel-osx-x86_64 1.0.0 OK

Check Details

Version: 1.0.0
Check: installed package size
Result: NOTE
     installed size is 5.5Mb
     sub-directories of 1Mb or more:
     htmlwidgets 4.2Mb
Flavor: r-patched-solaris-x86