CRAN Package Check Results for Package leaflet.extras2

Last updated on 2020-07-07 02:47:53 CEST.

Flavor Version Tinstall Tcheck Ttotal Status Flags
r-devel-linux-x86_64-debian-clang 1.0.0 3.93 38.56 42.49 OK
r-devel-linux-x86_64-debian-gcc 1.0.0 3.33 30.62 33.95 OK
r-devel-linux-x86_64-fedora-clang 1.0.0 59.48 NOTE
r-devel-linux-x86_64-fedora-gcc 1.0.0 51.04 NOTE
r-devel-windows-ix86+x86_64 1.0.0 12.00 58.00 70.00 OK
r-patched-linux-x86_64 1.0.0 3.51 38.39 41.90 OK
r-patched-solaris-x86 1.0.0 76.60 NOTE
r-release-linux-x86_64 1.0.0 4.00 38.48 42.48 OK
r-release-osx-x86_64 1.0.0 NOTE
r-release-windows-ix86+x86_64 1.0.0 20.00 54.00 74.00 OK
r-oldrel-osx-x86_64 1.0.0 NOTE
r-oldrel-windows-ix86+x86_64 1.0.0 21.00 90.00 111.00 OK

Check Details

Version: 1.0.0
Check: dependencies in R code
Result: NOTE
    Namespace in Imports field not imported from: ‘htmlwidgets’
     All declared Imports should be used.
Flavors: r-devel-linux-x86_64-fedora-clang, r-devel-linux-x86_64-fedora-gcc, r-patched-solaris-x86, r-release-osx-x86_64, r-oldrel-osx-x86_64