CRAN Package Check Results for Package leaflet

Last updated on 2021-05-06 18:49:15 CEST.

Flavor Version Tinstall Tcheck Ttotal Status Flags
r-devel-linux-x86_64-debian-clang 2.0.4.1 5.59 52.05 57.64 OK
r-devel-linux-x86_64-debian-gcc 2.0.4.1 4.75 40.24 44.99 OK
r-devel-linux-x86_64-fedora-clang 2.0.4.1 79.77 OK
r-devel-linux-x86_64-fedora-gcc 2.0.4.1 69.06 OK
r-devel-windows-ix86+x86_64 2.0.4.1 12.00 70.00 82.00 OK
r-devel-windows-x86_64-gcc10-UCRT 2.0.4.1 OK
r-patched-linux-x86_64 2.0.4.1 10.70 50.78 61.48 OK
r-patched-solaris-x86 2.0.4.1 101.70 NOTE
r-release-linux-x86_64 2.0.4.1 5.23 50.17 55.40 OK
r-release-macos-x86_64 2.0.4.1 OK
r-release-windows-ix86+x86_64 2.0.4.1 9.00 57.00 66.00 OK
r-oldrel-macos-x86_64 2.0.4.1 OK
r-oldrel-windows-ix86+x86_64 2.0.4.1 9.00 69.00 78.00 OK

Check Details

Version: 2.0.4.1
Check: installed package size
Result: NOTE
     installed size is 5.5Mb
     sub-directories of 1Mb or more:
     htmlwidgets 3.9Mb
Flavor: r-patched-solaris-x86