CRAN Package Check Results for Package leafletCN

Last updated on 2019-09-16 14:47:14 CEST.

Flavor Version Tinstall Tcheck Ttotal Status Flags
r-devel-linux-x86_64-debian-clang 0.2.1 5.56 37.88 43.44 OK
r-devel-linux-x86_64-debian-gcc 0.2.1 4.43 30.72 35.15 OK
r-devel-linux-x86_64-fedora-clang 0.2.1 53.32 NOTE
r-devel-linux-x86_64-fedora-gcc 0.2.1 52.30 NOTE
r-devel-windows-ix86+x86_64 0.2.1 20.00 58.00 78.00 NOTE
r-patched-linux-x86_64 0.2.1 4.22 38.32 42.54 OK
r-patched-solaris-x86 0.2.1 80.40 NOTE
r-release-linux-x86_64 0.2.1 5.18 37.20 42.38 OK
r-release-windows-ix86+x86_64 0.2.1 20.00 79.00 99.00 NOTE
r-release-osx-x86_64 0.2.1 NOTE
r-oldrel-windows-ix86+x86_64 0.2.1 22.00 50.00 72.00 NOTE
r-oldrel-osx-x86_64 0.2.1 NOTE

Check Details

Version: 0.2.1
Check: installed package size
Result: NOTE
     installed size is 12.1Mb
     sub-directories of 1Mb or more:
     geojson 11.9Mb
Flavors: r-devel-linux-x86_64-fedora-clang, r-devel-windows-ix86+x86_64, r-patched-solaris-x86, r-release-windows-ix86+x86_64, r-release-osx-x86_64, r-oldrel-windows-ix86+x86_64, r-oldrel-osx-x86_64

Version: 0.2.1
Check: dependencies in R code
Result: NOTE
    Namespace in Imports field not imported from: ‘rgeos’
     All declared Imports should be used.
Flavors: r-devel-linux-x86_64-fedora-clang, r-devel-linux-x86_64-fedora-gcc, r-patched-solaris-x86, r-release-osx-x86_64, r-oldrel-osx-x86_64

Version: 0.2.1
Check: data for non-ASCII characters
Result: NOTE
     Note: found 1096 marked UTF-8 strings
Flavors: r-devel-linux-x86_64-fedora-clang, r-devel-linux-x86_64-fedora-gcc, r-patched-solaris-x86, r-release-osx-x86_64, r-oldrel-osx-x86_64