CRAN Package Check Results for Package leafpop

Last updated on 2019-07-21 04:46:17 CEST.

Flavor Version Tinstall Tcheck Ttotal Status Flags
r-devel-linux-x86_64-debian-clang 0.0.1 17.82 21.32 39.14 OK
r-devel-linux-x86_64-debian-gcc 0.0.1 15.71 17.75 33.46 OK
r-devel-linux-x86_64-fedora-clang 0.0.1 55.80 NOTE
r-devel-linux-x86_64-fedora-gcc 0.0.1 52.14 NOTE
r-devel-windows-ix86+x86_64 0.0.1 34.00 67.00 101.00 OK
r-patched-linux-x86_64 0.0.1 18.26 21.37 39.63 OK
r-patched-solaris-x86 0.0.1 63.50 NOTE
r-release-linux-x86_64 0.0.1 18.24 21.24 39.48 OK
r-release-windows-ix86+x86_64 0.0.1 30.00 52.00 82.00 OK
r-release-osx-x86_64 0.0.1 NOTE
r-oldrel-windows-ix86+x86_64 0.0.1 40.00 61.00 101.00 OK
r-oldrel-osx-x86_64 0.0.1 NOTE

Check Details

Version: 0.0.1
Check: dependencies in R code
Result: NOTE
    Namespace in Imports field not imported from: ‘Rcpp’
     All declared Imports should be used.
Flavors: r-devel-linux-x86_64-fedora-clang, r-devel-linux-x86_64-fedora-gcc, r-patched-solaris-x86, r-release-osx-x86_64, r-oldrel-osx-x86_64