CRAN Package Check Results for Package leaftime

Last updated on 2024-07-20 18:57:34 CEST.

Flavor Version Tinstall Tcheck Ttotal Status Flags
r-devel-linux-x86_64-debian-clang 0.2.0 3.50 29.22 32.72 NOTE
r-devel-linux-x86_64-debian-gcc 0.2.0 2.05 21.86 23.91 NOTE
r-devel-linux-x86_64-fedora-clang 0.2.0 40.54 NOTE
r-devel-linux-x86_64-fedora-gcc 0.2.0 38.20 NOTE
r-devel-windows-x86_64 0.2.0 5.00 44.00 49.00 NOTE
r-patched-linux-x86_64 0.2.0 3.60 28.12 31.72 NOTE
r-release-linux-x86_64 0.2.0 3.00 27.21 30.21 NOTE
r-release-macos-arm64 0.2.0 17.00 NOTE
r-release-macos-x86_64 0.2.0 24.00 NOTE
r-release-windows-x86_64 0.2.0 5.00 44.00 49.00 NOTE
r-oldrel-macos-arm64 0.2.0 18.00 NOTE
r-oldrel-macos-x86_64 0.2.0 24.00 NOTE
r-oldrel-windows-x86_64 0.2.0 5.00 46.00 51.00 NOTE

Check Details

Version: 0.2.0
Check: LazyData
Result: NOTE 'LazyData' is specified without a 'data' directory Flavors: r-devel-linux-x86_64-debian-clang, r-devel-linux-x86_64-debian-gcc, r-devel-linux-x86_64-fedora-clang, r-devel-linux-x86_64-fedora-gcc, r-devel-windows-x86_64, r-patched-linux-x86_64, r-release-linux-x86_64, r-release-macos-arm64, r-release-macos-x86_64, r-release-windows-x86_64, r-oldrel-macos-arm64, r-oldrel-macos-x86_64, r-oldrel-windows-x86_64