CRAN Package Check Results for Package leaftime

Last updated on 2023-09-26 12:07:30 CEST.

Flavor Version Tinstall Tcheck Ttotal Status Flags
r-devel-linux-x86_64-debian-clang 0.2.0 3.48 28.81 32.29 NOTE
r-devel-linux-x86_64-debian-gcc 0.2.0 2.58 22.17 24.75 NOTE
r-devel-linux-x86_64-fedora-clang 0.2.0 40.20 NOTE
r-devel-linux-x86_64-fedora-gcc 0.2.0 40.51 NOTE
r-devel-windows-x86_64 0.2.0 5.00 45.00 50.00 NOTE
r-patched-linux-x86_64 0.2.0 2.12 28.31 30.43 NOTE
r-release-linux-x86_64 0.2.0 2.06 28.72 30.78 NOTE
r-release-macos-arm64 0.2.0 18.00 NOTE
r-release-macos-x86_64 0.2.0 24.00 NOTE
r-release-windows-x86_64 0.2.0 6.00 46.00 52.00 NOTE
r-oldrel-macos-arm64 0.2.0 17.00 NOTE
r-oldrel-macos-x86_64 0.2.0 31.00 NOTE
r-oldrel-windows-x86_64 0.2.0 6.00 49.00 55.00 NOTE

Check Details

Version: 0.2.0
Check: LazyData
Result: NOTE
     'LazyData' is specified without a 'data' directory
Flavors: r-devel-linux-x86_64-debian-clang, r-devel-linux-x86_64-debian-gcc, r-devel-linux-x86_64-fedora-clang, r-devel-linux-x86_64-fedora-gcc, r-devel-windows-x86_64, r-patched-linux-x86_64, r-release-linux-x86_64, r-release-macos-arm64, r-release-macos-x86_64, r-release-windows-x86_64, r-oldrel-macos-arm64, r-oldrel-macos-x86_64, r-oldrel-windows-x86_64