CRAN Package Check Results for Package leanpubr

Last updated on 2021-10-16 16:49:25 CEST.

Flavor Version Tinstall Tcheck Ttotal Status Flags
r-devel-linux-x86_64-debian-clang 0.3.1 2.46 29.80 32.26 NOTE
r-devel-linux-x86_64-debian-gcc 0.3.1 1.77 23.57 25.34 NOTE
r-devel-linux-x86_64-fedora-clang 0.3.1 48.99 NOTE
r-devel-linux-x86_64-fedora-gcc 0.3.1 38.33 NOTE
r-devel-windows-x86_64 0.3.1 4.00 41.00 45.00 NOTE
r-devel-windows-x86_64-gcc10-UCRT 0.3.1 NOTE
r-patched-linux-x86_64 0.3.1 6.49 29.02 35.51 NOTE
r-patched-solaris-x86 0.3.1 61.60 NOTE
r-release-linux-x86_64 0.3.1 2.19 28.32 30.51 NOTE
r-release-macos-arm64 0.3.1 NOTE
r-release-macos-x86_64 0.3.1 NOTE
r-release-windows-ix86+x86_64 0.3.1 6.00 56.00 62.00 NOTE
r-oldrel-macos-x86_64 0.3.1 OK
r-oldrel-windows-ix86+x86_64 0.3.1 6.00 59.00 65.00 OK

Check Details

Version: 0.3.1
Check: LazyData
Result: NOTE
     'LazyData' is specified without a 'data' directory
Flavors: r-devel-linux-x86_64-debian-clang, r-devel-linux-x86_64-debian-gcc, r-devel-linux-x86_64-fedora-clang, r-devel-linux-x86_64-fedora-gcc, r-devel-windows-x86_64, r-devel-windows-x86_64-gcc10-UCRT, r-patched-linux-x86_64, r-patched-solaris-x86, r-release-linux-x86_64, r-release-macos-arm64, r-release-macos-x86_64, r-release-windows-ix86+x86_64