CRAN Package Check Results for Package leapp

Last updated on 2019-07-17 18:48:04 CEST.

Flavor Version Tinstall Tcheck Ttotal Status Flags
r-devel-linux-x86_64-debian-clang 1.2 16.87 158.27 175.14 NOTE
r-devel-linux-x86_64-debian-gcc 1.2 15.22 121.78 137.00 NOTE
r-devel-linux-x86_64-fedora-clang 1.2 207.43 NOTE
r-devel-linux-x86_64-fedora-gcc 1.2 204.11 NOTE
r-devel-windows-ix86+x86_64 1.2 54.00 155.00 209.00 NOTE
r-patched-linux-x86_64 1.2 17.45 150.75 168.20 NOTE
r-patched-solaris-x86 1.2 311.00 NOTE
r-release-linux-x86_64 1.2 17.38 150.81 168.19 NOTE
r-release-windows-ix86+x86_64 1.2 37.00 218.00 255.00 NOTE
r-release-osx-x86_64 1.2 ERROR
r-oldrel-windows-ix86+x86_64 1.2 21.00 204.00 225.00 NOTE
r-oldrel-osx-x86_64 1.2 NOTE

Check Details

Version: 1.2
Check: R code for possible problems
Result: NOTE
    AlternateSVD: no visible binding for global variable 'sd'
    IPOD: no visible global function definition for 'mad'
    IPOD: no visible global function definition for 'pnorm'
    Pvalue: no visible global function definition for 'pf'
    ROCplot: no visible global function definition for 'png'
    ROCplot: no visible global function definition for 'matplot'
    ROCplot: no visible global function definition for 'legend'
    ROCplot: no visible global function definition for 'dev.off'
    leapp: no visible global function definition for 'png'
    leapp: no visible global function definition for 'plot'
    leapp: no visible global function definition for 'dev.off'
    ridge: no visible global function definition for 'sd'
    ridge: no visible global function definition for 'pnorm'
    Undefined global functions or variables:
     dev.off legend mad matplot pf plot png pnorm sd
    Consider adding
     importFrom("grDevices", "dev.off", "png")
     importFrom("graphics", "legend", "matplot", "plot")
     importFrom("stats", "mad", "pf", "pnorm", "sd")
    to your NAMESPACE file.
Flavors: r-devel-linux-x86_64-debian-clang, r-devel-linux-x86_64-debian-gcc, r-devel-linux-x86_64-fedora-clang, r-devel-linux-x86_64-fedora-gcc, r-devel-windows-ix86+x86_64, r-patched-linux-x86_64, r-patched-solaris-x86, r-release-linux-x86_64, r-release-windows-ix86+x86_64, r-oldrel-windows-ix86+x86_64, r-oldrel-osx-x86_64

Version: 1.2
Check: package dependencies
Result: ERROR
    Package required but not available: ‘sva’
    
    See section ‘The DESCRIPTION file’ in the ‘Writing R Extensions’
    manual.
Flavor: r-release-osx-x86_64