CRAN Package Check Results for Package leapp

Last updated on 2019-10-18 18:47:55 CEST.

Flavor Version Tinstall Tcheck Ttotal Status Flags
r-devel-linux-x86_64-debian-clang 1.2 17.31 158.37 175.68 NOTE
r-devel-linux-x86_64-debian-gcc 1.2 15.15 122.36 137.51 NOTE
r-devel-linux-x86_64-fedora-clang 1.2 212.18 NOTE
r-devel-linux-x86_64-fedora-gcc 1.2 211.86 NOTE
r-devel-windows-ix86+x86_64 1.2 55.00 152.00 207.00 NOTE
r-patched-linux-x86_64 1.2 15.46 147.92 163.38 NOTE
r-patched-solaris-x86 1.2 308.40 NOTE
r-release-linux-x86_64 1.2 15.71 148.41 164.12 NOTE
r-release-windows-ix86+x86_64 1.2 35.00 209.00 244.00 NOTE
r-release-osx-x86_64 1.2 WARN
r-oldrel-windows-ix86+x86_64 1.2 22.00 143.00 165.00 NOTE
r-oldrel-osx-x86_64 1.2 NOTE

Check Details

Version: 1.2
Check: R code for possible problems
Result: NOTE
    AlternateSVD: no visible binding for global variable 'sd'
    IPOD: no visible global function definition for 'mad'
    IPOD: no visible global function definition for 'pnorm'
    Pvalue: no visible global function definition for 'pf'
    ROCplot: no visible global function definition for 'png'
    ROCplot: no visible global function definition for 'matplot'
    ROCplot: no visible global function definition for 'legend'
    ROCplot: no visible global function definition for 'dev.off'
    leapp: no visible global function definition for 'png'
    leapp: no visible global function definition for 'plot'
    leapp: no visible global function definition for 'dev.off'
    ridge: no visible global function definition for 'sd'
    ridge: no visible global function definition for 'pnorm'
    Undefined global functions or variables:
     dev.off legend mad matplot pf plot png pnorm sd
    Consider adding
     importFrom("grDevices", "dev.off", "png")
     importFrom("graphics", "legend", "matplot", "plot")
     importFrom("stats", "mad", "pf", "pnorm", "sd")
    to your NAMESPACE file.
Flavors: r-devel-linux-x86_64-debian-clang, r-devel-linux-x86_64-debian-gcc, r-devel-linux-x86_64-fedora-clang, r-devel-linux-x86_64-fedora-gcc, r-devel-windows-ix86+x86_64, r-patched-linux-x86_64, r-patched-solaris-x86, r-release-linux-x86_64, r-release-windows-ix86+x86_64, r-release-osx-x86_64, r-oldrel-windows-ix86+x86_64, r-oldrel-osx-x86_64

Version: 1.2
Check: whether package can be installed
Result: WARN
    Found the following significant warnings:
     Warning: package ‘BiocParallel’ was built under R version 3.6.1
Flavor: r-release-osx-x86_64