CRAN Package Check Results for Package leapp

Last updated on 2019-12-08 11:47:17 CET.

Flavor Version Tinstall Tcheck Ttotal Status Flags
r-devel-linux-x86_64-debian-clang 1.2 20.88 177.47 198.35 NOTE
r-devel-linux-x86_64-debian-gcc 1.2 17.17 133.62 150.79 NOTE
r-devel-linux-x86_64-fedora-clang 1.2 233.51 NOTE
r-devel-linux-x86_64-fedora-gcc 1.2 230.33 NOTE
r-devel-windows-ix86+x86_64 1.2 39.00 213.00 252.00 NOTE
r-devel-windows-ix86+x86_64-gcc8 1.2 40.00 210.00 250.00 NOTE
r-patched-linux-x86_64 1.2 20.61 152.47 173.08 NOTE
r-patched-solaris-x86 1.2 307.00 NOTE
r-release-linux-x86_64 1.2 20.04 148.64 168.68 NOTE
r-release-windows-ix86+x86_64 1.2 58.00 149.00 207.00 NOTE
r-release-osx-x86_64 1.2 WARN
r-oldrel-windows-ix86+x86_64 1.2 23.00 139.00 162.00 NOTE
r-oldrel-osx-x86_64 1.2 NOTE

Check Details

Version: 1.2
Check: R code for possible problems
Result: NOTE
    AlternateSVD: no visible binding for global variable 'sd'
    IPOD: no visible global function definition for 'mad'
    IPOD: no visible global function definition for 'pnorm'
    Pvalue: no visible global function definition for 'pf'
    ROCplot: no visible global function definition for 'png'
    ROCplot: no visible global function definition for 'matplot'
    ROCplot: no visible global function definition for 'legend'
    ROCplot: no visible global function definition for 'dev.off'
    leapp: no visible global function definition for 'png'
    leapp: no visible global function definition for 'plot'
    leapp: no visible global function definition for 'dev.off'
    ridge: no visible global function definition for 'sd'
    ridge: no visible global function definition for 'pnorm'
    Undefined global functions or variables:
     dev.off legend mad matplot pf plot png pnorm sd
    Consider adding
     importFrom("grDevices", "dev.off", "png")
     importFrom("graphics", "legend", "matplot", "plot")
     importFrom("stats", "mad", "pf", "pnorm", "sd")
    to your NAMESPACE file.
Flavors: r-devel-linux-x86_64-debian-clang, r-devel-linux-x86_64-debian-gcc, r-devel-linux-x86_64-fedora-clang, r-devel-linux-x86_64-fedora-gcc, r-devel-windows-ix86+x86_64, r-devel-windows-ix86+x86_64-gcc8, r-patched-linux-x86_64, r-patched-solaris-x86, r-release-linux-x86_64, r-release-windows-ix86+x86_64, r-release-osx-x86_64, r-oldrel-windows-ix86+x86_64, r-oldrel-osx-x86_64

Version: 1.2
Check: whether package can be installed
Result: WARN
    Found the following significant warnings:
     Warning: package ‘BiocParallel’ was built under R version 3.6.1
Flavor: r-release-osx-x86_64