CRAN Package Check Results for Package learningtower

Last updated on 2021-10-17 14:48:23 CEST.

Flavor Version Tinstall Tcheck Ttotal Status Flags
r-devel-linux-x86_64-debian-clang 1.0.0 3.76 96.18 99.94 OK
r-devel-linux-x86_64-debian-gcc 1.0.0 3.06 77.73 80.79 OK
r-devel-linux-x86_64-fedora-clang 1.0.0 133.32 NOTE
r-devel-linux-x86_64-fedora-gcc 1.0.0 119.31 NOTE
r-devel-windows-x86_64 1.0.0 8.00 156.00 164.00 OK
r-devel-windows-x86_64-gcc10-UCRT 1.0.0 NOTE
r-patched-linux-x86_64 1.0.0 4.29 98.12 102.41 OK
r-patched-solaris-x86 1.0.0 210.20 NOTE
r-release-linux-x86_64 1.0.0 4.21 99.77 103.98 OK
r-release-macos-arm64 1.0.0 NOTE
r-release-macos-x86_64 1.0.0 NOTE
r-release-windows-ix86+x86_64 1.0.0 11.00 127.00 138.00 OK
r-oldrel-macos-x86_64 1.0.0 NOTE
r-oldrel-windows-ix86+x86_64 1.0.0 12.00 147.00 159.00 OK

Check Details

Version: 1.0.0
Check: data for non-ASCII characters
Result: NOTE
     Note: found 1 marked UTF-8 string
Flavors: r-devel-linux-x86_64-fedora-clang, r-devel-linux-x86_64-fedora-gcc, r-devel-windows-x86_64-gcc10-UCRT, r-patched-solaris-x86, r-release-macos-arm64, r-release-macos-x86_64, r-oldrel-macos-x86_64

Version: 1.0.0
Check: installed package size
Result: NOTE
     installed size is 5.3Mb
     sub-directories of 1Mb or more:
     data 4.3Mb
Flavor: r-patched-solaris-x86